{"id":953,"date":"2022-06-14T13:54:42","date_gmt":"2022-06-14T13:54:42","guid":{"rendered":"https:\/\/almarental.media\/renta-equipo-cine-television-comerciales\/?post_type=product&#038;p=953"},"modified":"2022-06-14T13:55:26","modified_gmt":"2022-06-14T13:55:26","slug":"apple-mac-pro-desktop-computer-six-core-late-2013","status":"publish","type":"product","link":"https:\/\/almarental.media\/renta-equipo-cine-television-comerciales\/cotiza\/computadoras\/apple-mac-pro-desktop-computer-six-core-late-2013\/","title":{"rendered":"Apple Mac Pro Desktop Computer"},"content":{"rendered":"<p><strong>Seis n\u00facleos, Intel Xeon E5 de finales de 2013 Rendimiento<\/strong><\/p>\n<p>Esta Mac Pro cuenta con un procesador Intel Xeon E5 de 3,5 GHz con 6 n\u00facleos de potencia de procesamiento en un solo dado. Y con 12 MB de cach\u00e9 L3, 40 GB\/s de ancho de banda PCI Express Gen 3 e instrucciones de punto flotante de 256 bits de ancho, nunca perder\u00e1 velocidad.<\/p>\n<p><strong>Tarjetas gr\u00e1ficas duales AMD FirePro D500<\/strong><\/p>\n<p>Tradicionalmente, las computadoras profesionales se han basado principalmente en la CPU para su poder de c\u00f3mputo. Pero a medida que el rendimiento de la GPU aument\u00f3 dr\u00e1sticamente, los desarrolladores de software comenzaron a aprovechar ese poder en sus aplicaciones. Con la Mac Pro, Apple dise\u00f1\u00f3 una arquitectura de GPU a\u00fan m\u00e1s potente. No solo cuenta con una GPU de clase de estaci\u00f3n de trabajo AMD FirePro de \u00faltima generaci\u00f3n, sino que tambi\u00e9n cuenta con dos de ellas. Y cada uno est\u00e1 disponible con 3 GB de VRAM dedicada y 1526 procesadores de flujo. Con 4,4 teraflops de potencia de c\u00f3mputo entre los dos, podr\u00e1 hacer cosas como editar videos 4K de resoluci\u00f3n completa sin problemas mientras reproduce simult\u00e1neamente efectos en segundo plano, y a\u00fan tendr\u00e1 suficiente potencia para conectar hasta tres pantallas 4K de alta resoluci\u00f3n.<\/p>\n<p><strong>Memoria<\/strong><\/p>\n<p>Todos los componentes de la Mac Pro est\u00e1n optimizados para el rendimiento. Eso incluye un controlador de memoria DDR3 de cuatro canales que funciona a 1866 MHz. Admite 64 GB de memoria y ofrece hasta 60 GB\/s de ancho de banda de memoria, lo que significa que puede ejecutar incluso las tareas m\u00e1s intensivas en c\u00f3mputo en muy poco tiempo. Y dado que es una memoria ECC, su trabajo de renderizado, exportaci\u00f3n de video o simulaci\u00f3n no se detendr\u00e1 por errores de memoria transitorios.<\/p>\n<p><strong>Dise\u00f1o<\/strong><\/p>\n<p>Apple reorganiz\u00f3 la arquitectura de los componentes internos, as\u00ed como toda la carcasa de la Mac Pro. Su dise\u00f1o de cilindro \u00fanico est\u00e1 fabricado con tecnolog\u00edas refinadas de extrusi\u00f3n por impacto para un uso eficaz del material y una carcasa de aluminio pulido. Mide solo 9,9 pulgadas de alto con un di\u00e1metro de solo 6,6 pulgadas, lo que le permite colocarlo en su escritorio.<\/p>\n<p><strong>Almacenamiento<\/strong><\/p>\n<p>La Mac Pro tiene almacenamiento flash basado en PCIe de pr\u00f3xima generaci\u00f3n, que es hasta 2,4 veces m\u00e1s r\u00e1pido que la unidad de estado s\u00f3lido basada en SATA m\u00e1s r\u00e1pida y hasta 10 veces m\u00e1s r\u00e1pido que un disco duro SATA de 7200 rpm. La mayor\u00eda de los sistemas de almacenamiento flash que se conectan a trav\u00e9s de buses SATA est\u00e1n dise\u00f1ados para discos duros que giran m\u00e1s lentamente. Pero Apple dise\u00f1\u00f3 la Mac Pro en torno a la nueva tecnolog\u00eda de controlador flash basada en PCIe, que ofrece las unidades de estado s\u00f3lido m\u00e1s r\u00e1pidas disponibles como est\u00e1ndar en una computadora de escritorio. Por lo tanto, tendr\u00e1 1 TB de almacenamiento que le permitir\u00e1 iniciar, iniciar aplicaciones e incluso abrir archivos masivos casi al instante.<\/p>\n<p><strong>N\u00facleo t\u00e9rmico<\/strong><\/p>\n<p>En lugar de usar varios disipadores de calor y ventiladores para enfriar el procesador y las tarjetas gr\u00e1ficas, Apple construy\u00f3 todo alrededor de una sola pieza de aluminio extruido dise\u00f1ada para maximizar el flujo de aire y la capacidad t\u00e9rmica. Funciona alejando el calor de la CPU y las GPU y distribuyendo ese calor de manera uniforme en todo el n\u00facleo. De esa forma, si un procesador no est\u00e1 trabajando tan duro como los dem\u00e1s, la capacidad t\u00e9rmica adicional se puede compartir de manera eficiente entre ellos.<\/p>\n<p><strong>Admirador<\/strong><\/p>\n<p>En lugar de agregar ventiladores adicionales, Apple dise\u00f1\u00f3 un solo ventilador m\u00e1s grande que succiona el aire hacia arriba a trav\u00e9s de una entrada inferior. A medida que el aire pasa verticalmente por el centro del dispositivo, absorbe calor y lo expulsa por la parte superior. Al minimizar la resistencia del aire en todo el sistema, Apple pudo dise\u00f1ar un ventilador con aspas de impulsor curvadas hacia atr\u00e1s que funciona a menos revoluciones por minuto, extrae aire de manera m\u00e1s eficiente a medida que gira y genera un ruido considerablemente menor.<\/p>\n<p><strong>Expansi\u00f3n<\/strong><\/p>\n<p>Dise\u00f1ado con puertos Thunderbolt 2, USB 3.0, Gigabit Ethernet y HDMI 1.4 integrados, el Mac Pro proporciona una expansi\u00f3n flexible y de alto rendimiento. Y tiene todo lo que necesita para construir una estaci\u00f3n de trabajo completamente personalizada seg\u00fan sus necesidades y su forma de trabajar.<\/p>\n<p><strong>Thunderbolt 2<\/strong><\/p>\n<p>Thunderbolt 2 combina PCI Express y DisplayPort en una tecnolog\u00eda de E\/S vers\u00e1til y de alta velocidad. Thunderbolt 2 ofrece el doble de rendimiento, proporcionando hasta 20 Gb\/s de ancho de banda a cada dispositivo externo. As\u00ed que est\u00e1 m\u00e1s que listo para la pr\u00f3xima generaci\u00f3n de perif\u00e9ricos de alto rendimiento, sin estar limitado por la cantidad de ranuras de expansi\u00f3n dentro de su computadora. Puede conectar grandes cantidades de almacenamiento, agregar un chasis de expansi\u00f3n PCI y trabajar con las \u00faltimas pantallas externas, incluidas pantallas de escritorio 4K y dispositivos perif\u00e9ricos capaces de transmitir en 4K. Y dado que cada puerto Thunderbolt 2 le permite conectar en cadena hasta seis perif\u00e9ricos, puede hacer todo lo posible conectando hasta 36 dispositivos externos solo a trav\u00e9s de Thunderbolt 2. La Mac Pro admite un total de dos pantallas DVI o HDMI cuando se conecta a trav\u00e9s del puerto HDMI integrado o mediante el adaptador Mini DisplayPort a DVI de Apple. Para conectar pantallas DVI adicionales, utilice un adaptador DVI activo, como el adaptador Apple Mini DisplayPort a Dual-Link DVI. Puede conectar hasta seis pantallas DVI de adaptador activo. Esto requiere un concentrador USB con alimentaci\u00f3n, ya que Mac Pro ofrece cuatro puertos USB y necesitar\u00e1 seis para conectarlos a todos.<\/p>\n<p><strong>Conexiones de E\/S<\/strong><\/p>\n<p>El Mac Pro te equipa con todo tipo de conexiones para todo tipo de perif\u00e9ricos. USB 3.0 le brinda la versatilidad de conectar docenas de diferentes tipos de dispositivos externos<\/p>\n","protected":false},"excerpt":{"rendered":"<p><strong><img loading=\"lazy\" decoding=\"async\" class=\"alignnone size-full wp-image-954\" src=\"https:\/\/almarental.media\/renta-equipo-cine-television-comerciales\/wp-content\/uploads\/2022\/06\/apple.png\" alt=\"Renta computadoras apple\" width=\"150\" height=\"51\" \/><\/strong><\/p>\n<p><strong>Apple Mac Pro Desktop Computer (Six-Core, Late 2013)<\/strong><\/p>\n<p><strong>Main Specs:<\/strong><\/p>\n<ul class=\"list_OMS5rN7R1Z\">\n<li class=\"listItem_OMS5rN7R1Z\" data-selenium=\"sellingPointsListItem\">3.5 GHz Intel Xeon E5 Six-Core<\/li>\n<li class=\"listItem_OMS5rN7R1Z\" data-selenium=\"sellingPointsListItem\">64GB of 1866 MHz DDR3 ECC RAM<\/li>\n<li class=\"listItem_OMS5rN7R1Z\" data-selenium=\"sellingPointsListItem\">1TB PCIe-Based Flash Storage<\/li>\n<li class=\"listItem_OMS5rN7R1Z\" data-selenium=\"sellingPointsListItem\">Dual AMD FirePro D500 GPUs (2 x 3GB)<\/li>\n<li class=\"listItem_OMS5rN7R1Z\" data-selenium=\"sellingPointsListItem\">Six Thunderbolt 2 Ports<\/li>\n<li class=\"listItem_OMS5rN7R1Z\" data-selenium=\"sellingPointsListItem\">Four USB 3.0 Ports, One HDMI 1.4 Port<\/li>\n<li class=\"listItem_OMS5rN7R1Z\" data-selenium=\"sellingPointsListItem\">Supports up to Three 4K Displays<\/li>\n<li class=\"listItem_OMS5rN7R1Z\" data-selenium=\"sellingPointsListItem\">802.11a\/b\/g\/n\/ac Wi-Fi, Bluetooth 4.0<\/li>\n<li class=\"listItem_OMS5rN7R1Z\" data-selenium=\"sellingPointsListItem\">Unique Compact Cylinder Design<\/li>\n<li class=\"listItem_OMS5rN7R1Z\" data-selenium=\"sellingPointsListItem\">macOS<\/li>\n<\/ul>\n","protected":false},"featured_media":955,"comment_status":"open","ping_status":"closed","template":"","meta":[],"product_cat":[28],"product_tag":[],"class_list":["post-953","product","type-product","status-publish","has-post-thumbnail","hentry","product_cat-computadoras","description-off"],"yoast_head":"<!-- This site is optimized with the Yoast SEO plugin v19.1 - https:\/\/yoast.com\/wordpress\/plugins\/seo\/ -->\n<title>Apple Mac Pro Desktop Computer - Renta de equipo para cine, televisi\u00f3n y comerciales<\/title>\n<meta name=\"robots\" content=\"index, follow, max-snippet:-1, max-image-preview:large, max-video-preview:-1\" \/>\n<link rel=\"canonical\" href=\"https:\/\/almarental.media\/renta-equipo-cine-television-comerciales\/cotiza\/computadoras\/apple-mac-pro-desktop-computer-six-core-late-2013\/\" \/>\n<meta property=\"og:locale\" content=\"es_ES\" \/>\n<meta property=\"og:type\" content=\"article\" \/>\n<meta property=\"og:title\" content=\"Apple Mac Pro Desktop Computer - Renta de equipo para cine, televisi\u00f3n y comerciales\" \/>\n<meta property=\"og:description\" content=\"Apple Mac Pro Desktop Computer (Six-Core, Late 2013)  Main Specs:   3.5 GHz Intel Xeon E5 Six-Core  64GB of 1866 MHz DDR3 ECC RAM  1TB PCIe-Based Flash Storage  Dual AMD FirePro D500 GPUs (2 x 3GB)  Six Thunderbolt 2 Ports  Four USB 3.0 Ports, One HDMI 1.4 Port  Supports up to Three 4K Displays  802.11a\/b\/g\/n\/ac Wi-Fi, Bluetooth 4.0  Unique Compact Cylinder Design  macOS\" \/>\n<meta property=\"og:url\" content=\"https:\/\/almarental.media\/renta-equipo-cine-television-comerciales\/cotiza\/computadoras\/apple-mac-pro-desktop-computer-six-core-late-2013\/\" \/>\n<meta property=\"og:site_name\" content=\"Renta de equipo para cine, televisi\u00f3n y comerciales\" \/>\n<meta property=\"article:modified_time\" content=\"2022-06-14T13:55:26+00:00\" \/>\n<meta property=\"og:image\" content=\"https:\/\/almarental.media\/renta-equipo-cine-television-comerciales\/wp-content\/uploads\/2022\/06\/Renta-de-computadoras-Apple-Mac-Pro-Desktop-Computer-Six-Core-Late-2013.png\" \/>\n\t<meta property=\"og:image:width\" content=\"1000\" \/>\n\t<meta property=\"og:image:height\" content=\"1000\" \/>\n\t<meta property=\"og:image:type\" content=\"image\/png\" \/>\n<meta name=\"twitter:card\" content=\"summary_large_image\" \/>\n<meta name=\"twitter:label1\" content=\"Tiempo de lectura\" \/>\n\t<meta name=\"twitter:data1\" content=\"5 minutos\" \/>\n<script type=\"application\/ld+json\" class=\"yoast-schema-graph\">{\"@context\":\"https:\/\/schema.org\",\"@graph\":[{\"@type\":\"WebSite\",\"@id\":\"https:\/\/almarental.media\/renta-equipo-cine-television-comerciales\/#website\",\"url\":\"https:\/\/almarental.media\/renta-equipo-cine-television-comerciales\/\",\"name\":\"Renta de equipo para cine, televisi\u00f3n y comerciales\",\"description\":\"Casa de renta de equipo profesional para proyectos audiovisuales, DIT (digital image technician), Data y video en M\u00e9xico.\",\"potentialAction\":[{\"@type\":\"SearchAction\",\"target\":{\"@type\":\"EntryPoint\",\"urlTemplate\":\"https:\/\/almarental.media\/renta-equipo-cine-television-comerciales\/?s={search_term_string}\"},\"query-input\":\"required name=search_term_string\"}],\"inLanguage\":\"es\"},{\"@type\":\"ImageObject\",\"inLanguage\":\"es\",\"@id\":\"https:\/\/almarental.media\/renta-equipo-cine-television-comerciales\/cotiza\/computadoras\/apple-mac-pro-desktop-computer-six-core-late-2013\/#primaryimage\",\"url\":\"https:\/\/almarental.media\/renta-equipo-cine-television-comerciales\/wp-content\/uploads\/2022\/06\/Renta-de-computadoras-Apple-Mac-Pro-Desktop-Computer-Six-Core-Late-2013.png\",\"contentUrl\":\"https:\/\/almarental.media\/renta-equipo-cine-television-comerciales\/wp-content\/uploads\/2022\/06\/Renta-de-computadoras-Apple-Mac-Pro-Desktop-Computer-Six-Core-Late-2013.png\",\"width\":1000,\"height\":1000,\"caption\":\"Renta de computadoras Apple Mac Pro Desktop Computer Six-Core, Late 2013\"},{\"@type\":\"WebPage\",\"@id\":\"https:\/\/almarental.media\/renta-equipo-cine-television-comerciales\/cotiza\/computadoras\/apple-mac-pro-desktop-computer-six-core-late-2013\/#webpage\",\"url\":\"https:\/\/almarental.media\/renta-equipo-cine-television-comerciales\/cotiza\/computadoras\/apple-mac-pro-desktop-computer-six-core-late-2013\/\",\"name\":\"Apple Mac Pro Desktop Computer - Renta de equipo para cine, televisi\u00f3n y comerciales\",\"isPartOf\":{\"@id\":\"https:\/\/almarental.media\/renta-equipo-cine-television-comerciales\/#website\"},\"primaryImageOfPage\":{\"@id\":\"https:\/\/almarental.media\/renta-equipo-cine-television-comerciales\/cotiza\/computadoras\/apple-mac-pro-desktop-computer-six-core-late-2013\/#primaryimage\"},\"datePublished\":\"2022-06-14T13:54:42+00:00\",\"dateModified\":\"2022-06-14T13:55:26+00:00\",\"breadcrumb\":{\"@id\":\"https:\/\/almarental.media\/renta-equipo-cine-television-comerciales\/cotiza\/computadoras\/apple-mac-pro-desktop-computer-six-core-late-2013\/#breadcrumb\"},\"inLanguage\":\"es\",\"potentialAction\":[{\"@type\":\"ReadAction\",\"target\":[\"https:\/\/almarental.media\/renta-equipo-cine-television-comerciales\/cotiza\/computadoras\/apple-mac-pro-desktop-computer-six-core-late-2013\/\"]}]},{\"@type\":\"BreadcrumbList\",\"@id\":\"https:\/\/almarental.media\/renta-equipo-cine-television-comerciales\/cotiza\/computadoras\/apple-mac-pro-desktop-computer-six-core-late-2013\/#breadcrumb\",\"itemListElement\":[{\"@type\":\"ListItem\",\"position\":1,\"name\":\"Portada\",\"item\":\"https:\/\/almarental.media\/renta-equipo-cine-television-comerciales\/\"},{\"@type\":\"ListItem\",\"position\":2,\"name\":\"Productos\",\"item\":\"https:\/\/almarental.media\/renta-equipo-cine-television-comerciales\/cotiza\/\"},{\"@type\":\"ListItem\",\"position\":3,\"name\":\"Apple Mac Pro Desktop Computer\"}]}]}<\/script>\n<!-- \/ Yoast SEO plugin. -->","yoast_head_json":{"title":"Apple Mac Pro Desktop Computer - Renta de equipo para cine, televisi\u00f3n y comerciales","robots":{"index":"index","follow":"follow","max-snippet":"max-snippet:-1","max-image-preview":"max-image-preview:large","max-video-preview":"max-video-preview:-1"},"canonical":"https:\/\/almarental.media\/renta-equipo-cine-television-comerciales\/cotiza\/computadoras\/apple-mac-pro-desktop-computer-six-core-late-2013\/","og_locale":"es_ES","og_type":"article","og_title":"Apple Mac Pro Desktop Computer - Renta de equipo para cine, televisi\u00f3n y comerciales","og_description":"Apple Mac Pro Desktop Computer (Six-Core, Late 2013)  Main Specs:   3.5 GHz Intel Xeon E5 Six-Core  64GB of 1866 MHz DDR3 ECC RAM  1TB PCIe-Based Flash Storage  Dual AMD FirePro D500 GPUs (2 x 3GB)  Six Thunderbolt 2 Ports  Four USB 3.0 Ports, One HDMI 1.4 Port  Supports up to Three 4K Displays  802.11a\/b\/g\/n\/ac Wi-Fi, Bluetooth 4.0  Unique Compact Cylinder Design  macOS","og_url":"https:\/\/almarental.media\/renta-equipo-cine-television-comerciales\/cotiza\/computadoras\/apple-mac-pro-desktop-computer-six-core-late-2013\/","og_site_name":"Renta de equipo para cine, televisi\u00f3n y comerciales","article_modified_time":"2022-06-14T13:55:26+00:00","og_image":[{"width":1000,"height":1000,"url":"https:\/\/almarental.media\/renta-equipo-cine-television-comerciales\/wp-content\/uploads\/2022\/06\/Renta-de-computadoras-Apple-Mac-Pro-Desktop-Computer-Six-Core-Late-2013.png","type":"image\/png"}],"twitter_card":"summary_large_image","twitter_misc":{"Tiempo de lectura":"5 minutos"},"schema":{"@context":"https:\/\/schema.org","@graph":[{"@type":"WebSite","@id":"https:\/\/almarental.media\/renta-equipo-cine-television-comerciales\/#website","url":"https:\/\/almarental.media\/renta-equipo-cine-television-comerciales\/","name":"Renta de equipo para cine, televisi\u00f3n y comerciales","description":"Casa de renta de equipo profesional para proyectos audiovisuales, DIT (digital image technician), Data y video en M\u00e9xico.","potentialAction":[{"@type":"SearchAction","target":{"@type":"EntryPoint","urlTemplate":"https:\/\/almarental.media\/renta-equipo-cine-television-comerciales\/?s={search_term_string}"},"query-input":"required name=search_term_string"}],"inLanguage":"es"},{"@type":"ImageObject","inLanguage":"es","@id":"https:\/\/almarental.media\/renta-equipo-cine-television-comerciales\/cotiza\/computadoras\/apple-mac-pro-desktop-computer-six-core-late-2013\/#primaryimage","url":"https:\/\/almarental.media\/renta-equipo-cine-television-comerciales\/wp-content\/uploads\/2022\/06\/Renta-de-computadoras-Apple-Mac-Pro-Desktop-Computer-Six-Core-Late-2013.png","contentUrl":"https:\/\/almarental.media\/renta-equipo-cine-television-comerciales\/wp-content\/uploads\/2022\/06\/Renta-de-computadoras-Apple-Mac-Pro-Desktop-Computer-Six-Core-Late-2013.png","width":1000,"height":1000,"caption":"Renta de computadoras Apple Mac Pro Desktop Computer Six-Core, Late 2013"},{"@type":"WebPage","@id":"https:\/\/almarental.media\/renta-equipo-cine-television-comerciales\/cotiza\/computadoras\/apple-mac-pro-desktop-computer-six-core-late-2013\/#webpage","url":"https:\/\/almarental.media\/renta-equipo-cine-television-comerciales\/cotiza\/computadoras\/apple-mac-pro-desktop-computer-six-core-late-2013\/","name":"Apple Mac Pro Desktop Computer - Renta de equipo para cine, televisi\u00f3n y comerciales","isPartOf":{"@id":"https:\/\/almarental.media\/renta-equipo-cine-television-comerciales\/#website"},"primaryImageOfPage":{"@id":"https:\/\/almarental.media\/renta-equipo-cine-television-comerciales\/cotiza\/computadoras\/apple-mac-pro-desktop-computer-six-core-late-2013\/#primaryimage"},"datePublished":"2022-06-14T13:54:42+00:00","dateModified":"2022-06-14T13:55:26+00:00","breadcrumb":{"@id":"https:\/\/almarental.media\/renta-equipo-cine-television-comerciales\/cotiza\/computadoras\/apple-mac-pro-desktop-computer-six-core-late-2013\/#breadcrumb"},"inLanguage":"es","potentialAction":[{"@type":"ReadAction","target":["https:\/\/almarental.media\/renta-equipo-cine-television-comerciales\/cotiza\/computadoras\/apple-mac-pro-desktop-computer-six-core-late-2013\/"]}]},{"@type":"BreadcrumbList","@id":"https:\/\/almarental.media\/renta-equipo-cine-television-comerciales\/cotiza\/computadoras\/apple-mac-pro-desktop-computer-six-core-late-2013\/#breadcrumb","itemListElement":[{"@type":"ListItem","position":1,"name":"Portada","item":"https:\/\/almarental.media\/renta-equipo-cine-television-comerciales\/"},{"@type":"ListItem","position":2,"name":"Productos","item":"https:\/\/almarental.media\/renta-equipo-cine-television-comerciales\/cotiza\/"},{"@type":"ListItem","position":3,"name":"Apple Mac Pro Desktop Computer"}]}]}},"_links":{"self":[{"href":"https:\/\/almarental.media\/renta-equipo-cine-television-comerciales\/wp-json\/wp\/v2\/product\/953","targetHints":{"allow":["GET"]}}],"collection":[{"href":"https:\/\/almarental.media\/renta-equipo-cine-television-comerciales\/wp-json\/wp\/v2\/product"}],"about":[{"href":"https:\/\/almarental.media\/renta-equipo-cine-television-comerciales\/wp-json\/wp\/v2\/types\/product"}],"replies":[{"embeddable":true,"href":"https:\/\/almarental.media\/renta-equipo-cine-television-comerciales\/wp-json\/wp\/v2\/comments?post=953"}],"wp:featuredmedia":[{"embeddable":true,"href":"https:\/\/almarental.media\/renta-equipo-cine-television-comerciales\/wp-json\/wp\/v2\/media\/955"}],"wp:attachment":[{"href":"https:\/\/almarental.media\/renta-equipo-cine-television-comerciales\/wp-json\/wp\/v2\/media?parent=953"}],"wp:term":[{"taxonomy":"product_cat","embeddable":true,"href":"https:\/\/almarental.media\/renta-equipo-cine-television-comerciales\/wp-json\/wp\/v2\/product_cat?post=953"},{"taxonomy":"product_tag","embeddable":true,"href":"https:\/\/almarental.media\/renta-equipo-cine-television-comerciales\/wp-json\/wp\/v2\/product_tag?post=953"}],"curies":[{"name":"wp","href":"https:\/\/api.w.org\/{rel}","templated":true}]}}