{"id":949,"date":"2022-06-14T13:00:59","date_gmt":"2022-06-14T13:00:59","guid":{"rendered":"https:\/\/almarental.media\/renta-equipo-cine-television-comerciales\/?post_type=product&#038;p=949"},"modified":"2022-06-14T13:40:14","modified_gmt":"2022-06-14T13:40:14","slug":"aja-ki-pro-mini-compact-field-recorder","status":"publish","type":"product","link":"https:\/\/almarental.media\/renta-equipo-cine-television-comerciales\/cotiza\/grabadores\/aja-ki-pro-mini-compact-field-recorder\/","title":{"rendered":"AJA Ki Pro Mini Compact Field Recorder"},"content":{"rendered":"<p>La grabadora de campo compacta Aja Ki Pro Mini agrega portabilidad extrema a la familia Ki Pro. Al llevar un flujo de trabajo basado en archivos a cualquier producci\u00f3n para ser editada en Final Cut Pro, esta grabadora de campo en miniatura no solo graba metraje Apple ProRes listo para editar desde cualquier c\u00e1mara de video SDI o HDMI, sino que lo hace en tarjetas Compact Flash f\u00e1cilmente disponibles. Su factor de forma peque\u00f1o permite montarlo en un tr\u00edpode o c\u00e1mara con adaptadores est\u00e1ndar de la industria, mientras que su potente soporte de grabaci\u00f3n SD y HD, a trav\u00e9s de SDI y HDMI, lo convierte en una herramienta invaluable para la captura digital en el set.<\/p>\n<ul>\n<li>Grabe simult\u00e1neamente en la c\u00e1mara principal y Ki Pro<\/li>\n<li>Puentea esquemas de compresi\u00f3n patentados grabando en Apple ProRes 422<\/li>\n<li>Supere la complejidad de los medios grabando en un almacenamiento port\u00e1til basado en archivos<\/li>\n<li>Ampl\u00ede las capacidades de revisi\u00f3n del cliente<\/li>\n<li>Puente de producci\u00f3n y posproducci\u00f3n, eliminando efectivamente el registro y la captura<\/li>\n<li>Prolongue la vida productiva de las c\u00e1maras existentes<\/li>\n<li>Adopte flujos de trabajo futuros<\/li>\n<li>Sigue a la c\u00e1mara a todas partes, ofrece un espacio reducido, soporte para c\u00e1maras SDI y HDMI y almacenamiento simple en tarjeta CF. M\u00e1s peque\u00f1o que algunos paquetes de bater\u00edas, se monta pr\u00e1cticamente en todo.<\/li>\n<\/ul>\n","protected":false},"excerpt":{"rendered":"<p><strong><img loading=\"lazy\" decoding=\"async\" class=\"alignnone size-full wp-image-950\" src=\"https:\/\/almarental.media\/renta-equipo-cine-television-comerciales\/wp-content\/uploads\/2022\/06\/AJA-video-services.png\" alt=\"\" width=\"143\" height=\"37\" \/><\/strong><\/p>\n<p><strong>Main Specs:<\/strong><\/p>\n<ul class=\"list_OMS5rN7R1Z\">\n<li class=\"listItem_OMS5rN7R1Z\" data-selenium=\"sellingPointsListItem\">ProRes 422 QuickTime Files<\/li>\n<li class=\"listItem_OMS5rN7R1Z\" data-selenium=\"sellingPointsListItem\">Records to Standard CF Cards<\/li>\n<li class=\"listItem_OMS5rN7R1Z\" data-selenium=\"sellingPointsListItem\">Footage Ready to Edit in Final Cut Pro<\/li>\n<li class=\"listItem_OMS5rN7R1Z\" data-selenium=\"sellingPointsListItem\">10-Bit Capture<\/li>\n<li class=\"listItem_OMS5rN7R1Z\" data-selenium=\"sellingPointsListItem\">Mounts to Camera or Tripod<\/li>\n<li class=\"listItem_OMS5rN7R1Z\" data-selenium=\"sellingPointsListItem\">HD\/SD-SDI, HDMI<\/li>\n<li class=\"listItem_OMS5rN7R1Z\" data-selenium=\"sellingPointsListItem\">LANC, Timecode<\/li>\n<li class=\"listItem_OMS5rN7R1Z\" data-selenium=\"sellingPointsListItem\">XLR Audio Input<\/li>\n<\/ul>\n","protected":false},"featured_media":952,"comment_status":"open","ping_status":"closed","template":"","meta":[],"product_cat":[27],"product_tag":[],"class_list":["post-949","product","type-product","status-publish","has-post-thumbnail","hentry","product_cat-grabadores","description-off"],"yoast_head":"<!-- This site is optimized with the Yoast SEO plugin v19.1 - https:\/\/yoast.com\/wordpress\/plugins\/seo\/ -->\n<title>AJA Ki Pro Mini Compact Field Recorder - Renta de equipo para cine, televisi\u00f3n y comerciales<\/title>\n<meta name=\"robots\" content=\"index, follow, max-snippet:-1, max-image-preview:large, max-video-preview:-1\" \/>\n<link rel=\"canonical\" href=\"https:\/\/almarental.media\/renta-equipo-cine-television-comerciales\/cotiza\/grabadores\/aja-ki-pro-mini-compact-field-recorder\/\" \/>\n<meta property=\"og:locale\" content=\"es_ES\" \/>\n<meta property=\"og:type\" content=\"article\" \/>\n<meta property=\"og:title\" content=\"AJA Ki Pro Mini Compact Field Recorder - Renta de equipo para cine, televisi\u00f3n y comerciales\" \/>\n<meta property=\"og:description\" content=\"Main Specs:   ProRes 422 QuickTime Files  Records to Standard CF Cards  Footage Ready to Edit in Final Cut Pro  10-Bit Capture  Mounts to Camera or Tripod  HD\/SD-SDI, HDMI  LANC, Timecode  XLR Audio Input\" \/>\n<meta property=\"og:url\" content=\"https:\/\/almarental.media\/renta-equipo-cine-television-comerciales\/cotiza\/grabadores\/aja-ki-pro-mini-compact-field-recorder\/\" \/>\n<meta property=\"og:site_name\" content=\"Renta de equipo para cine, televisi\u00f3n y comerciales\" \/>\n<meta property=\"article:modified_time\" content=\"2022-06-14T13:40:14+00:00\" \/>\n<meta property=\"og:image\" content=\"https:\/\/almarental.media\/renta-equipo-cine-television-comerciales\/wp-content\/uploads\/2022\/06\/Renta-de-grabadora-AJA-Ki-Pro-Mini-Compact-Field-Recorder.png\" \/>\n\t<meta property=\"og:image:width\" content=\"1000\" \/>\n\t<meta property=\"og:image:height\" content=\"1000\" \/>\n\t<meta property=\"og:image:type\" content=\"image\/png\" \/>\n<meta name=\"twitter:card\" content=\"summary_large_image\" \/>\n<meta name=\"twitter:label1\" content=\"Tiempo de lectura\" \/>\n\t<meta name=\"twitter:data1\" content=\"1 minuto\" \/>\n<script type=\"application\/ld+json\" class=\"yoast-schema-graph\">{\"@context\":\"https:\/\/schema.org\",\"@graph\":[{\"@type\":\"WebSite\",\"@id\":\"https:\/\/almarental.media\/renta-equipo-cine-television-comerciales\/#website\",\"url\":\"https:\/\/almarental.media\/renta-equipo-cine-television-comerciales\/\",\"name\":\"Renta de equipo para cine, televisi\u00f3n y comerciales\",\"description\":\"Casa de renta de equipo profesional para proyectos audiovisuales, DIT (digital image technician), Data y video en M\u00e9xico.\",\"potentialAction\":[{\"@type\":\"SearchAction\",\"target\":{\"@type\":\"EntryPoint\",\"urlTemplate\":\"https:\/\/almarental.media\/renta-equipo-cine-television-comerciales\/?s={search_term_string}\"},\"query-input\":\"required name=search_term_string\"}],\"inLanguage\":\"es\"},{\"@type\":\"ImageObject\",\"inLanguage\":\"es\",\"@id\":\"https:\/\/almarental.media\/renta-equipo-cine-television-comerciales\/cotiza\/grabadores\/aja-ki-pro-mini-compact-field-recorder\/#primaryimage\",\"url\":\"https:\/\/almarental.media\/renta-equipo-cine-television-comerciales\/wp-content\/uploads\/2022\/06\/Renta-de-grabadora-AJA-Ki-Pro-Mini-Compact-Field-Recorder.png\",\"contentUrl\":\"https:\/\/almarental.media\/renta-equipo-cine-television-comerciales\/wp-content\/uploads\/2022\/06\/Renta-de-grabadora-AJA-Ki-Pro-Mini-Compact-Field-Recorder.png\",\"width\":1000,\"height\":1000},{\"@type\":\"WebPage\",\"@id\":\"https:\/\/almarental.media\/renta-equipo-cine-television-comerciales\/cotiza\/grabadores\/aja-ki-pro-mini-compact-field-recorder\/#webpage\",\"url\":\"https:\/\/almarental.media\/renta-equipo-cine-television-comerciales\/cotiza\/grabadores\/aja-ki-pro-mini-compact-field-recorder\/\",\"name\":\"AJA Ki Pro Mini Compact Field Recorder - Renta de equipo para cine, televisi\u00f3n y comerciales\",\"isPartOf\":{\"@id\":\"https:\/\/almarental.media\/renta-equipo-cine-television-comerciales\/#website\"},\"primaryImageOfPage\":{\"@id\":\"https:\/\/almarental.media\/renta-equipo-cine-television-comerciales\/cotiza\/grabadores\/aja-ki-pro-mini-compact-field-recorder\/#primaryimage\"},\"datePublished\":\"2022-06-14T13:00:59+00:00\",\"dateModified\":\"2022-06-14T13:40:14+00:00\",\"breadcrumb\":{\"@id\":\"https:\/\/almarental.media\/renta-equipo-cine-television-comerciales\/cotiza\/grabadores\/aja-ki-pro-mini-compact-field-recorder\/#breadcrumb\"},\"inLanguage\":\"es\",\"potentialAction\":[{\"@type\":\"ReadAction\",\"target\":[\"https:\/\/almarental.media\/renta-equipo-cine-television-comerciales\/cotiza\/grabadores\/aja-ki-pro-mini-compact-field-recorder\/\"]}]},{\"@type\":\"BreadcrumbList\",\"@id\":\"https:\/\/almarental.media\/renta-equipo-cine-television-comerciales\/cotiza\/grabadores\/aja-ki-pro-mini-compact-field-recorder\/#breadcrumb\",\"itemListElement\":[{\"@type\":\"ListItem\",\"position\":1,\"name\":\"Portada\",\"item\":\"https:\/\/almarental.media\/renta-equipo-cine-television-comerciales\/\"},{\"@type\":\"ListItem\",\"position\":2,\"name\":\"Productos\",\"item\":\"https:\/\/almarental.media\/renta-equipo-cine-television-comerciales\/cotiza\/\"},{\"@type\":\"ListItem\",\"position\":3,\"name\":\"AJA Ki Pro Mini Compact Field Recorder\"}]}]}<\/script>\n<!-- \/ Yoast SEO plugin. -->","yoast_head_json":{"title":"AJA Ki Pro Mini Compact Field Recorder - Renta de equipo para cine, televisi\u00f3n y comerciales","robots":{"index":"index","follow":"follow","max-snippet":"max-snippet:-1","max-image-preview":"max-image-preview:large","max-video-preview":"max-video-preview:-1"},"canonical":"https:\/\/almarental.media\/renta-equipo-cine-television-comerciales\/cotiza\/grabadores\/aja-ki-pro-mini-compact-field-recorder\/","og_locale":"es_ES","og_type":"article","og_title":"AJA Ki Pro Mini Compact Field Recorder - Renta de equipo para cine, televisi\u00f3n y comerciales","og_description":"Main Specs:   ProRes 422 QuickTime Files  Records to Standard CF Cards  Footage Ready to Edit in Final Cut Pro  10-Bit Capture  Mounts to Camera or Tripod  HD\/SD-SDI, HDMI  LANC, Timecode  XLR Audio Input","og_url":"https:\/\/almarental.media\/renta-equipo-cine-television-comerciales\/cotiza\/grabadores\/aja-ki-pro-mini-compact-field-recorder\/","og_site_name":"Renta de equipo para cine, televisi\u00f3n y comerciales","article_modified_time":"2022-06-14T13:40:14+00:00","og_image":[{"width":1000,"height":1000,"url":"https:\/\/almarental.media\/renta-equipo-cine-television-comerciales\/wp-content\/uploads\/2022\/06\/Renta-de-grabadora-AJA-Ki-Pro-Mini-Compact-Field-Recorder.png","type":"image\/png"}],"twitter_card":"summary_large_image","twitter_misc":{"Tiempo de lectura":"1 minuto"},"schema":{"@context":"https:\/\/schema.org","@graph":[{"@type":"WebSite","@id":"https:\/\/almarental.media\/renta-equipo-cine-television-comerciales\/#website","url":"https:\/\/almarental.media\/renta-equipo-cine-television-comerciales\/","name":"Renta de equipo para cine, televisi\u00f3n y comerciales","description":"Casa de renta de equipo profesional para proyectos audiovisuales, DIT (digital image technician), Data y video en M\u00e9xico.","potentialAction":[{"@type":"SearchAction","target":{"@type":"EntryPoint","urlTemplate":"https:\/\/almarental.media\/renta-equipo-cine-television-comerciales\/?s={search_term_string}"},"query-input":"required name=search_term_string"}],"inLanguage":"es"},{"@type":"ImageObject","inLanguage":"es","@id":"https:\/\/almarental.media\/renta-equipo-cine-television-comerciales\/cotiza\/grabadores\/aja-ki-pro-mini-compact-field-recorder\/#primaryimage","url":"https:\/\/almarental.media\/renta-equipo-cine-television-comerciales\/wp-content\/uploads\/2022\/06\/Renta-de-grabadora-AJA-Ki-Pro-Mini-Compact-Field-Recorder.png","contentUrl":"https:\/\/almarental.media\/renta-equipo-cine-television-comerciales\/wp-content\/uploads\/2022\/06\/Renta-de-grabadora-AJA-Ki-Pro-Mini-Compact-Field-Recorder.png","width":1000,"height":1000},{"@type":"WebPage","@id":"https:\/\/almarental.media\/renta-equipo-cine-television-comerciales\/cotiza\/grabadores\/aja-ki-pro-mini-compact-field-recorder\/#webpage","url":"https:\/\/almarental.media\/renta-equipo-cine-television-comerciales\/cotiza\/grabadores\/aja-ki-pro-mini-compact-field-recorder\/","name":"AJA Ki Pro Mini Compact Field Recorder - Renta de equipo para cine, televisi\u00f3n y comerciales","isPartOf":{"@id":"https:\/\/almarental.media\/renta-equipo-cine-television-comerciales\/#website"},"primaryImageOfPage":{"@id":"https:\/\/almarental.media\/renta-equipo-cine-television-comerciales\/cotiza\/grabadores\/aja-ki-pro-mini-compact-field-recorder\/#primaryimage"},"datePublished":"2022-06-14T13:00:59+00:00","dateModified":"2022-06-14T13:40:14+00:00","breadcrumb":{"@id":"https:\/\/almarental.media\/renta-equipo-cine-television-comerciales\/cotiza\/grabadores\/aja-ki-pro-mini-compact-field-recorder\/#breadcrumb"},"inLanguage":"es","potentialAction":[{"@type":"ReadAction","target":["https:\/\/almarental.media\/renta-equipo-cine-television-comerciales\/cotiza\/grabadores\/aja-ki-pro-mini-compact-field-recorder\/"]}]},{"@type":"BreadcrumbList","@id":"https:\/\/almarental.media\/renta-equipo-cine-television-comerciales\/cotiza\/grabadores\/aja-ki-pro-mini-compact-field-recorder\/#breadcrumb","itemListElement":[{"@type":"ListItem","position":1,"name":"Portada","item":"https:\/\/almarental.media\/renta-equipo-cine-television-comerciales\/"},{"@type":"ListItem","position":2,"name":"Productos","item":"https:\/\/almarental.media\/renta-equipo-cine-television-comerciales\/cotiza\/"},{"@type":"ListItem","position":3,"name":"AJA Ki Pro Mini Compact Field Recorder"}]}]}},"_links":{"self":[{"href":"https:\/\/almarental.media\/renta-equipo-cine-television-comerciales\/wp-json\/wp\/v2\/product\/949","targetHints":{"allow":["GET"]}}],"collection":[{"href":"https:\/\/almarental.media\/renta-equipo-cine-television-comerciales\/wp-json\/wp\/v2\/product"}],"about":[{"href":"https:\/\/almarental.media\/renta-equipo-cine-television-comerciales\/wp-json\/wp\/v2\/types\/product"}],"replies":[{"embeddable":true,"href":"https:\/\/almarental.media\/renta-equipo-cine-television-comerciales\/wp-json\/wp\/v2\/comments?post=949"}],"wp:featuredmedia":[{"embeddable":true,"href":"https:\/\/almarental.media\/renta-equipo-cine-television-comerciales\/wp-json\/wp\/v2\/media\/952"}],"wp:attachment":[{"href":"https:\/\/almarental.media\/renta-equipo-cine-television-comerciales\/wp-json\/wp\/v2\/media?parent=949"}],"wp:term":[{"taxonomy":"product_cat","embeddable":true,"href":"https:\/\/almarental.media\/renta-equipo-cine-television-comerciales\/wp-json\/wp\/v2\/product_cat?post=949"},{"taxonomy":"product_tag","embeddable":true,"href":"https:\/\/almarental.media\/renta-equipo-cine-television-comerciales\/wp-json\/wp\/v2\/product_tag?post=949"}],"curies":[{"name":"wp","href":"https:\/\/api.w.org\/{rel}","templated":true}]}}

<p>La grabadora de campo compacta Aja Ki Pro Mini agrega portabilidad extrema a la familia Ki Pro. Al llevar un flujo de trabajo basado en archivos a cualquier producción para ser editada en Final Cut Pro, esta grabadora de campo en miniatura no solo graba metraje Apple ProRes listo para editar desde cualquier cámara de video SDI o HDMI, sino que lo hace en tarjetas Compact Flash fácilmente disponibles. Su factor de forma pequeño permite montarlo en un trípode o cámara con adaptadores estándar de la industria, mientras que su potente soporte de grabación SD y HD, a través de SDI y HDMI, lo convierte en una herramienta invaluable para la captura digital en el set.</p>
<ul>
<li>Grabe simultáneamente en la cámara principal y Ki Pro</li>
<li>Puentea esquemas de compresión patentados grabando en Apple ProRes 422</li>
<li>Supere la complejidad de los medios grabando en un almacenamiento portátil basado en archivos</li>
<li>Amplíe las capacidades de revisión del cliente</li>
<li>Puente de producción y posproducción, eliminando efectivamente el registro y la captura</li>
<li>Prolongue la vida productiva de las cámaras existentes</li>
<li>Adopte flujos de trabajo futuros</li>
<li>Sigue a la cámara a todas partes, ofrece un espacio reducido, soporte para cámaras SDI y HDMI y almacenamiento simple en tarjeta CF. Más pequeño que algunos paquetes de baterías, se monta prácticamente en todo.</li>
</ul>

<!-- This site is optimized with the Yoast SEO plugin v19.1 - https://yoast.com/wordpress/plugins/seo/ -->
<title>AJA Ki Pro Mini Compact Field Recorder - Renta de equipo para cine, televisión y comerciales</title>
<meta name="robots" content="index, follow, max-snippet:-1, max-image-preview:large, max-video-preview:-1" />
<link rel="canonical" href="https://almarental.media/renta-equipo-cine-television-comerciales/cotiza/grabadores/aja-ki-pro-mini-compact-field-recorder/" />
<meta property="og:locale" content="es_ES" />
<meta property="og:type" content="article" />
<meta property="og:title" content="AJA Ki Pro Mini Compact Field Recorder - Renta de equipo para cine, televisión y comerciales" />
<meta property="og:description" content="Main Specs:   ProRes 422 QuickTime Files  Records to Standard CF Cards  Footage Ready to Edit in Final Cut Pro  10-Bit Capture  Mounts to Camera or Tripod  HD/SD-SDI, HDMI  LANC, Timecode  XLR Audio Input" />
<meta property="og:url" content="https://almarental.media/renta-equipo-cine-television-comerciales/cotiza/grabadores/aja-ki-pro-mini-compact-field-recorder/" />
<meta property="og:site_name" content="Renta de equipo para cine, televisión y comerciales" />
<meta property="article:modified_time" content="2022-06-14T13:40:14+00:00" />
<meta property="og:image" content="https://almarental.media/renta-equipo-cine-television-comerciales/wp-content/uploads/2022/06/Renta-de-grabadora-AJA-Ki-Pro-Mini-Compact-Field-Recorder.png" />
	<meta property="og:image:width" content="1000" />
	<meta property="og:image:height" content="1000" />
	<meta property="og:image:type" content="image/png" />
<meta name="twitter:card" content="summary_large_image" />
<meta name="twitter:label1" content="Tiempo de lectura" />
	<meta name="twitter:data1" content="1 minuto" />
<script type="application/ld+json" class="yoast-schema-graph">{"@context":"https://schema.org","@graph":[{"@type":"WebSite","@id":"https://almarental.media/renta-equipo-cine-television-comerciales/#website","url":"https://almarental.media/renta-equipo-cine-television-comerciales/","name":"Renta de equipo para cine, televisión y comerciales","description":"Casa de renta de equipo profesional para proyectos audiovisuales, DIT (digital image technician), Data y video en México.","potentialAction":[{"@type":"SearchAction","target":{"@type":"EntryPoint","urlTemplate":"https://almarental.media/renta-equipo-cine-television-comerciales/?s={search_term_string}"},"query-input":"required name=search_term_string"}],"inLanguage":"es"},{"@type":"ImageObject","inLanguage":"es","@id":"https://almarental.media/renta-equipo-cine-television-comerciales/cotiza/grabadores/aja-ki-pro-mini-compact-field-recorder/#primaryimage","url":"https://almarental.media/renta-equipo-cine-television-comerciales/wp-content/uploads/2022/06/Renta-de-grabadora-AJA-Ki-Pro-Mini-Compact-Field-Recorder.png","contentUrl":"https://almarental.media/renta-equipo-cine-television-comerciales/wp-content/uploads/2022/06/Renta-de-grabadora-AJA-Ki-Pro-Mini-Compact-Field-Recorder.png","width":1000,"height":1000},{"@type":"WebPage","@id":"https://almarental.media/renta-equipo-cine-television-comerciales/cotiza/grabadores/aja-ki-pro-mini-compact-field-recorder/#webpage","url":"https://almarental.media/renta-equipo-cine-television-comerciales/cotiza/grabadores/aja-ki-pro-mini-compact-field-recorder/","name":"AJA Ki Pro Mini Compact Field Recorder - Renta de equipo para cine, televisión y comerciales","isPartOf":{"@id":"https://almarental.media/renta-equipo-cine-television-comerciales/#website"},"primaryImageOfPage":{"@id":"https://almarental.media/renta-equipo-cine-television-comerciales/cotiza/grabadores/aja-ki-pro-mini-compact-field-recorder/#primaryimage"},"datePublished":"2022-06-14T13:00:59+00:00","dateModified":"2022-06-14T13:40:14+00:00","breadcrumb":{"@id":"https://almarental.media/renta-equipo-cine-television-comerciales/cotiza/grabadores/aja-ki-pro-mini-compact-field-recorder/#breadcrumb"},"inLanguage":"es","potentialAction":[{"@type":"ReadAction","target":["https://almarental.media/renta-equipo-cine-television-comerciales/cotiza/grabadores/aja-ki-pro-mini-compact-field-recorder/"]}]},{"@type":"BreadcrumbList","@id":"https://almarental.media/renta-equipo-cine-television-comerciales/cotiza/grabadores/aja-ki-pro-mini-compact-field-recorder/#breadcrumb","itemListElement":[{"@type":"ListItem","position":1,"name":"Portada","item":"https://almarental.media/renta-equipo-cine-television-comerciales/"},{"@type":"ListItem","position":2,"name":"Productos","item":"https://almarental.media/renta-equipo-cine-television-comerciales/cotiza/"},{"@type":"ListItem","position":3,"name":"AJA Ki Pro Mini Compact Field Recorder"}]}]}</script>
<!-- / Yoast SEO plugin. -->

AJA Ki Pro Mini Compact Field Recorder - Renta de equipo para cine, televisión y comerciales

Renta de equipo para cine, televisión y comerciales

Casa de renta de equipo profesional para proyectos audiovisuales, DIT (digital image technician), Data y video en México.
