{"id":936,"date":"2022-06-14T00:52:46","date_gmt":"2022-06-14T00:52:46","guid":{"rendered":"https:\/\/almarental.media\/renta-equipo-cine-television-comerciales\/?post_type=product&#038;p=936"},"modified":"2022-06-14T00:52:46","modified_gmt":"2022-06-14T00:52:46","slug":"teradek-link-dual-band-wi-fi-router-gold-mount","status":"publish","type":"product","link":"https:\/\/almarental.media\/renta-equipo-cine-television-comerciales\/cotiza\/transmisores\/teradek-link-dual-band-wi-fi-router-gold-mount\/","title":{"rendered":"Teradek Link Dual-Band Wi-Fi Router (Gold Mount)"},"content":{"rendered":"<p>Link es un enrutador WiFi reforzado de doble banda. Dise\u00f1ado para su uso en aplicaciones de cine y transmisi\u00f3n, Link ofrece un rango incre\u00edble, varias opciones de potencia y un chasis adecuado para el abuso regular en el campo y en el set.<\/p>\n<p><strong>Doble Banda 2.4\/5 GHz | Wi-Fi 802.11ac<\/strong><br \/>\nLink es compatible con los \u00faltimos est\u00e1ndares WiFi y es compatible con versiones anteriores de 802.11 a\/b\/g\/n.<\/p>\n<p><strong>Cobertura de largo alcance<\/strong><br \/>\nCon 1000 pies de alcance, Link ofrece suficiente cobertura WiFi para cubrir la mayor\u00eda de los lugares de tama\u00f1o mediano.<\/p>\n<p>Los dispositivos como el Serv Pro tienen un alcance incorporado de 300 pies, lo que significa que los dispositivos iOS deben permanecer cerca para monitorear el disparo. Con Link, los alcances en todos sus dispositivos inal\u00e1mbricos en el set se extienden a 1000 pies, lo que le brinda la m\u00e1xima movilidad para capturar la toma perfecta.<\/p>\n<p><strong>Rango adicional con enlace a enlace<\/strong><br \/>\nLos dispositivos Multiple Link ahora se pueden usar juntos para ampliar el alcance de su red WiFi (independientemente de si tiene Internet o no). Esto significa que puede colocar Links en rincones lejanos de su set y hacer que cubran toda el \u00e1rea con una conexi\u00f3n WiFi r\u00e1pida y confiable.<\/p>\n<p>El primer enlace act\u00faa como su centro (lo llamaremos su enlace maestro). Su segundo enlace debe configurarse en modo Cliente, lo que le permite conectarse al primer enlace. La red inal\u00e1mbrica establecida por su Master Link ahora se extiende a su Client Link, por lo que los dispositivos en un extremo pueden comunicarse con los dispositivos en el otro. En esencia, este es m\u00e1s o menos el mismo concepto que unir el WiFi de su hogar con dos enrutadores.<\/p>\n<p><strong>Con la nueva extensi\u00f3n Link to Link, puede conectar varios Links al Master Link o conectarlos en cadena para cubrir m\u00e1s distancia.<\/strong><\/p>\n<p>Esta caracter\u00edstica es perfecta para producciones de pel\u00edculas multic\u00e1mara, juegos deportivos, activaciones de marketing interactivo y cualquier otra ocasi\u00f3n que requiera que grandes \u00e1reas est\u00e9n conectadas en la misma red WiFi a prueba de balas. Ya sea que est\u00e9 pasando video en vivo de Cube Encoder a Decoder en un campo de f\u00fatbol, \u200b\u200bo monitoreando m\u00faltiples c\u00e1maras en su iPad con Serv Pro lejos de la acci\u00f3n, la \u00faltima actualizaci\u00f3n de firmware de Link lo mantiene conectado sin importar cu\u00e1n grande sea el lugar.<\/p>\n<p><strong>Alto rendimiento y resistente a las interferencias<\/strong><br \/>\nEl procesador de cuatro n\u00facleos de Link y la importante memoria interna garantizan un alto rendimiento de datos a pesar de que numerosos clientes utilizan la red a la vez. En comparaci\u00f3n con los puntos de acceso t\u00edpicos de los consumidores, Link ofrece almacenamiento en b\u00fafer optimizado y retransmisi\u00f3n de paquetes, lo que le permite mantener una conexi\u00f3n constante incluso en entornos de RF dif\u00edciles.<\/p>\n<p><strong>Montaje s\u00faper resistente y flexible<\/strong><br \/>\nEl chasis de aluminio de Link le permite resistir el abuso diario com\u00fan en entornos de producci\u00f3n o en el campo. Con un montaje de \u00bc\u201d-20, el dispositivo se puede montar f\u00e1cilmente en soportes de luz, carros DIT o unidades m\u00f3viles.<\/p>\n<p><strong>Conexi\u00f3n de bater\u00eda externa<\/strong><br \/>\nElija entre un adaptador de bater\u00eda de montaje en V o de 3 esp\u00e1rragos para alimentar el Link durante per\u00edodos prolongados en el campo.<\/p>\n<p><strong>Potencia PoE<\/strong><br \/>\nLa conexi\u00f3n PoE pasiva de Link permite que el sistema se alimente en l\u00ednea con Teradek Sphere o cualquier otro inyector PoE para una configuraci\u00f3n m\u00e1s optimizada en el set.<\/p>\n<p><strong>Seguridad de la red<\/strong><br \/>\nLink ofrece protecci\u00f3n de red WiFi est\u00e1ndar, incluida la seguridad WEP, WPA y WPA2.<\/p>\n","protected":false},"excerpt":{"rendered":"<p><img loading=\"lazy\" decoding=\"async\" class=\"alignnone size-full wp-image-926\" src=\"https:\/\/almarental.media\/renta-equipo-cine-television-comerciales\/wp-content\/uploads\/2022\/06\/teradek.png\" alt=\"\" width=\"191\" height=\"34\" \/><\/p>\n<p><strong>Main Specs:<\/strong><\/p>\n<ul id=\"product-keypoints\" data-bind=\"foreach: product().productHighlightsDisplay()\">\n<li data-bind=\"html: $data\">Dual Band 2.4\/5 GHz 802.11ac WiFi<\/li>\n<li data-bind=\"html: $data\">1000ft range<\/li>\n<li data-bind=\"html: $data\">High Throughput with Quad Core Processor<\/li>\n<li data-bind=\"html: $data\">Rugged and Flexible Mounting Options (Gold Mount, V-Mount)<\/li>\n<li data-bind=\"html: $data\">PoE Power<\/li>\n<\/ul>\n","protected":false},"featured_media":937,"comment_status":"open","ping_status":"closed","template":"","meta":[],"product_cat":[26],"product_tag":[],"class_list":["post-936","product","type-product","status-publish","has-post-thumbnail","hentry","product_cat-transmisores","description-off"],"yoast_head":"<!-- This site is optimized with the Yoast SEO plugin v19.1 - https:\/\/yoast.com\/wordpress\/plugins\/seo\/ -->\n<title>Teradek Link Dual-Band Wi-Fi Router (Gold Mount) - Renta de equipo para cine, televisi\u00f3n y comerciales<\/title>\n<meta name=\"robots\" content=\"index, follow, max-snippet:-1, max-image-preview:large, max-video-preview:-1\" \/>\n<link rel=\"canonical\" href=\"https:\/\/almarental.media\/renta-equipo-cine-television-comerciales\/cotiza\/transmisores\/teradek-link-dual-band-wi-fi-router-gold-mount\/\" \/>\n<meta property=\"og:locale\" content=\"es_ES\" \/>\n<meta property=\"og:type\" content=\"article\" \/>\n<meta property=\"og:title\" content=\"Teradek Link Dual-Band Wi-Fi Router (Gold Mount) - Renta de equipo para cine, televisi\u00f3n y comerciales\" \/>\n<meta property=\"og:description\" content=\"Main Specs:   Dual Band 2.4\/5 GHz 802.11ac WiFi  1000ft range  High Throughput with Quad Core Processor  Rugged and Flexible Mounting Options (Gold Mount, V-Mount)  PoE Power\" \/>\n<meta property=\"og:url\" content=\"https:\/\/almarental.media\/renta-equipo-cine-television-comerciales\/cotiza\/transmisores\/teradek-link-dual-band-wi-fi-router-gold-mount\/\" \/>\n<meta property=\"og:site_name\" content=\"Renta de equipo para cine, televisi\u00f3n y comerciales\" \/>\n<meta property=\"og:image\" content=\"https:\/\/almarental.media\/renta-equipo-cine-television-comerciales\/wp-content\/uploads\/2022\/06\/Transmisor-en-renta-Teradek-Link-Dual-Band-Wi-Fi-Router-Gold-Mount.png\" \/>\n\t<meta property=\"og:image:width\" content=\"1000\" \/>\n\t<meta property=\"og:image:height\" content=\"1000\" \/>\n\t<meta property=\"og:image:type\" content=\"image\/png\" \/>\n<meta name=\"twitter:card\" content=\"summary_large_image\" \/>\n<meta name=\"twitter:label1\" content=\"Tiempo de lectura\" \/>\n\t<meta name=\"twitter:data1\" content=\"3 minutos\" \/>\n<script type=\"application\/ld+json\" class=\"yoast-schema-graph\">{\"@context\":\"https:\/\/schema.org\",\"@graph\":[{\"@type\":\"WebSite\",\"@id\":\"https:\/\/almarental.media\/renta-equipo-cine-television-comerciales\/#website\",\"url\":\"https:\/\/almarental.media\/renta-equipo-cine-television-comerciales\/\",\"name\":\"Renta de equipo para cine, televisi\u00f3n y comerciales\",\"description\":\"Casa de renta de equipo profesional para proyectos audiovisuales, DIT (digital image technician), Data y video en M\u00e9xico.\",\"potentialAction\":[{\"@type\":\"SearchAction\",\"target\":{\"@type\":\"EntryPoint\",\"urlTemplate\":\"https:\/\/almarental.media\/renta-equipo-cine-television-comerciales\/?s={search_term_string}\"},\"query-input\":\"required name=search_term_string\"}],\"inLanguage\":\"es\"},{\"@type\":\"ImageObject\",\"inLanguage\":\"es\",\"@id\":\"https:\/\/almarental.media\/renta-equipo-cine-television-comerciales\/cotiza\/transmisores\/teradek-link-dual-band-wi-fi-router-gold-mount\/#primaryimage\",\"url\":\"https:\/\/almarental.media\/renta-equipo-cine-television-comerciales\/wp-content\/uploads\/2022\/06\/Transmisor-en-renta-Teradek-Link-Dual-Band-Wi-Fi-Router-Gold-Mount.png\",\"contentUrl\":\"https:\/\/almarental.media\/renta-equipo-cine-television-comerciales\/wp-content\/uploads\/2022\/06\/Transmisor-en-renta-Teradek-Link-Dual-Band-Wi-Fi-Router-Gold-Mount.png\",\"width\":1000,\"height\":1000,\"caption\":\"Transmisor en renta Teradek Link Dual-Band Wi-Fi Router Gold Mount\"},{\"@type\":\"WebPage\",\"@id\":\"https:\/\/almarental.media\/renta-equipo-cine-television-comerciales\/cotiza\/transmisores\/teradek-link-dual-band-wi-fi-router-gold-mount\/#webpage\",\"url\":\"https:\/\/almarental.media\/renta-equipo-cine-television-comerciales\/cotiza\/transmisores\/teradek-link-dual-band-wi-fi-router-gold-mount\/\",\"name\":\"Teradek Link Dual-Band Wi-Fi Router (Gold Mount) - Renta de equipo para cine, televisi\u00f3n y comerciales\",\"isPartOf\":{\"@id\":\"https:\/\/almarental.media\/renta-equipo-cine-television-comerciales\/#website\"},\"primaryImageOfPage\":{\"@id\":\"https:\/\/almarental.media\/renta-equipo-cine-television-comerciales\/cotiza\/transmisores\/teradek-link-dual-band-wi-fi-router-gold-mount\/#primaryimage\"},\"datePublished\":\"2022-06-14T00:52:46+00:00\",\"dateModified\":\"2022-06-14T00:52:46+00:00\",\"breadcrumb\":{\"@id\":\"https:\/\/almarental.media\/renta-equipo-cine-television-comerciales\/cotiza\/transmisores\/teradek-link-dual-band-wi-fi-router-gold-mount\/#breadcrumb\"},\"inLanguage\":\"es\",\"potentialAction\":[{\"@type\":\"ReadAction\",\"target\":[\"https:\/\/almarental.media\/renta-equipo-cine-television-comerciales\/cotiza\/transmisores\/teradek-link-dual-band-wi-fi-router-gold-mount\/\"]}]},{\"@type\":\"BreadcrumbList\",\"@id\":\"https:\/\/almarental.media\/renta-equipo-cine-television-comerciales\/cotiza\/transmisores\/teradek-link-dual-band-wi-fi-router-gold-mount\/#breadcrumb\",\"itemListElement\":[{\"@type\":\"ListItem\",\"position\":1,\"name\":\"Portada\",\"item\":\"https:\/\/almarental.media\/renta-equipo-cine-television-comerciales\/\"},{\"@type\":\"ListItem\",\"position\":2,\"name\":\"Productos\",\"item\":\"https:\/\/almarental.media\/renta-equipo-cine-television-comerciales\/cotiza\/\"},{\"@type\":\"ListItem\",\"position\":3,\"name\":\"Teradek Link Dual-Band Wi-Fi Router (Gold Mount)\"}]}]}<\/script>\n<!-- \/ Yoast SEO plugin. -->","yoast_head_json":{"title":"Teradek Link Dual-Band Wi-Fi Router (Gold Mount) - Renta de equipo para cine, televisi\u00f3n y comerciales","robots":{"index":"index","follow":"follow","max-snippet":"max-snippet:-1","max-image-preview":"max-image-preview:large","max-video-preview":"max-video-preview:-1"},"canonical":"https:\/\/almarental.media\/renta-equipo-cine-television-comerciales\/cotiza\/transmisores\/teradek-link-dual-band-wi-fi-router-gold-mount\/","og_locale":"es_ES","og_type":"article","og_title":"Teradek Link Dual-Band Wi-Fi Router (Gold Mount) - Renta de equipo para cine, televisi\u00f3n y comerciales","og_description":"Main Specs:   Dual Band 2.4\/5 GHz 802.11ac WiFi  1000ft range  High Throughput with Quad Core Processor  Rugged and Flexible Mounting Options (Gold Mount, V-Mount)  PoE Power","og_url":"https:\/\/almarental.media\/renta-equipo-cine-television-comerciales\/cotiza\/transmisores\/teradek-link-dual-band-wi-fi-router-gold-mount\/","og_site_name":"Renta de equipo para cine, televisi\u00f3n y comerciales","og_image":[{"width":1000,"height":1000,"url":"https:\/\/almarental.media\/renta-equipo-cine-television-comerciales\/wp-content\/uploads\/2022\/06\/Transmisor-en-renta-Teradek-Link-Dual-Band-Wi-Fi-Router-Gold-Mount.png","type":"image\/png"}],"twitter_card":"summary_large_image","twitter_misc":{"Tiempo de lectura":"3 minutos"},"schema":{"@context":"https:\/\/schema.org","@graph":[{"@type":"WebSite","@id":"https:\/\/almarental.media\/renta-equipo-cine-television-comerciales\/#website","url":"https:\/\/almarental.media\/renta-equipo-cine-television-comerciales\/","name":"Renta de equipo para cine, televisi\u00f3n y comerciales","description":"Casa de renta de equipo profesional para proyectos audiovisuales, DIT (digital image technician), Data y video en M\u00e9xico.","potentialAction":[{"@type":"SearchAction","target":{"@type":"EntryPoint","urlTemplate":"https:\/\/almarental.media\/renta-equipo-cine-television-comerciales\/?s={search_term_string}"},"query-input":"required name=search_term_string"}],"inLanguage":"es"},{"@type":"ImageObject","inLanguage":"es","@id":"https:\/\/almarental.media\/renta-equipo-cine-television-comerciales\/cotiza\/transmisores\/teradek-link-dual-band-wi-fi-router-gold-mount\/#primaryimage","url":"https:\/\/almarental.media\/renta-equipo-cine-television-comerciales\/wp-content\/uploads\/2022\/06\/Transmisor-en-renta-Teradek-Link-Dual-Band-Wi-Fi-Router-Gold-Mount.png","contentUrl":"https:\/\/almarental.media\/renta-equipo-cine-television-comerciales\/wp-content\/uploads\/2022\/06\/Transmisor-en-renta-Teradek-Link-Dual-Band-Wi-Fi-Router-Gold-Mount.png","width":1000,"height":1000,"caption":"Transmisor en renta Teradek Link Dual-Band Wi-Fi Router Gold Mount"},{"@type":"WebPage","@id":"https:\/\/almarental.media\/renta-equipo-cine-television-comerciales\/cotiza\/transmisores\/teradek-link-dual-band-wi-fi-router-gold-mount\/#webpage","url":"https:\/\/almarental.media\/renta-equipo-cine-television-comerciales\/cotiza\/transmisores\/teradek-link-dual-band-wi-fi-router-gold-mount\/","name":"Teradek Link Dual-Band Wi-Fi Router (Gold Mount) - Renta de equipo para cine, televisi\u00f3n y comerciales","isPartOf":{"@id":"https:\/\/almarental.media\/renta-equipo-cine-television-comerciales\/#website"},"primaryImageOfPage":{"@id":"https:\/\/almarental.media\/renta-equipo-cine-television-comerciales\/cotiza\/transmisores\/teradek-link-dual-band-wi-fi-router-gold-mount\/#primaryimage"},"datePublished":"2022-06-14T00:52:46+00:00","dateModified":"2022-06-14T00:52:46+00:00","breadcrumb":{"@id":"https:\/\/almarental.media\/renta-equipo-cine-television-comerciales\/cotiza\/transmisores\/teradek-link-dual-band-wi-fi-router-gold-mount\/#breadcrumb"},"inLanguage":"es","potentialAction":[{"@type":"ReadAction","target":["https:\/\/almarental.media\/renta-equipo-cine-television-comerciales\/cotiza\/transmisores\/teradek-link-dual-band-wi-fi-router-gold-mount\/"]}]},{"@type":"BreadcrumbList","@id":"https:\/\/almarental.media\/renta-equipo-cine-television-comerciales\/cotiza\/transmisores\/teradek-link-dual-band-wi-fi-router-gold-mount\/#breadcrumb","itemListElement":[{"@type":"ListItem","position":1,"name":"Portada","item":"https:\/\/almarental.media\/renta-equipo-cine-television-comerciales\/"},{"@type":"ListItem","position":2,"name":"Productos","item":"https:\/\/almarental.media\/renta-equipo-cine-television-comerciales\/cotiza\/"},{"@type":"ListItem","position":3,"name":"Teradek Link Dual-Band Wi-Fi Router (Gold Mount)"}]}]}},"_links":{"self":[{"href":"https:\/\/almarental.media\/renta-equipo-cine-television-comerciales\/wp-json\/wp\/v2\/product\/936","targetHints":{"allow":["GET"]}}],"collection":[{"href":"https:\/\/almarental.media\/renta-equipo-cine-television-comerciales\/wp-json\/wp\/v2\/product"}],"about":[{"href":"https:\/\/almarental.media\/renta-equipo-cine-television-comerciales\/wp-json\/wp\/v2\/types\/product"}],"replies":[{"embeddable":true,"href":"https:\/\/almarental.media\/renta-equipo-cine-television-comerciales\/wp-json\/wp\/v2\/comments?post=936"}],"wp:featuredmedia":[{"embeddable":true,"href":"https:\/\/almarental.media\/renta-equipo-cine-television-comerciales\/wp-json\/wp\/v2\/media\/937"}],"wp:attachment":[{"href":"https:\/\/almarental.media\/renta-equipo-cine-television-comerciales\/wp-json\/wp\/v2\/media?parent=936"}],"wp:term":[{"taxonomy":"product_cat","embeddable":true,"href":"https:\/\/almarental.media\/renta-equipo-cine-television-comerciales\/wp-json\/wp\/v2\/product_cat?post=936"},{"taxonomy":"product_tag","embeddable":true,"href":"https:\/\/almarental.media\/renta-equipo-cine-television-comerciales\/wp-json\/wp\/v2\/product_tag?post=936"}],"curies":[{"name":"wp","href":"https:\/\/api.w.org\/{rel}","templated":true}]}}