{"id":934,"date":"2022-06-14T00:28:24","date_gmt":"2022-06-14T00:28:24","guid":{"rendered":"https:\/\/almarental.media\/renta-equipo-cine-television-comerciales\/?post_type=product&#038;p=934"},"modified":"2022-06-14T00:28:24","modified_gmt":"2022-06-14T00:28:24","slug":"teradek-serv-pro","status":"publish","type":"product","link":"https:\/\/almarental.media\/renta-equipo-cine-television-comerciales\/cotiza\/transmisores\/teradek-serv-pro\/","title":{"rendered":"Teradek Serv Pro"},"content":{"rendered":"<p><strong>Transmitir a trav\u00e9s de redes locales<\/strong><\/p>\n<p>Serv se conecta a las c\u00e1maras a trav\u00e9s de HDMI o 3G-SDI y transmite a trav\u00e9s de Wi-Fi o Ethernet de 2,4\/5 Ghz a dispositivos iOS conectados a la misma red. Cada unidad admite hasta 10 conexiones simult\u00e1neas, ya sea que se conecte directamente a Serv Pro o al mismo punto de acceso inal\u00e1mbrico.<\/p>\n<p><strong>Alta definici\u00f3n y baja latencia<\/strong><\/p>\n<p>Cada transmisi\u00f3n de Serv Pro se transmite a 1080p con solo un retraso de 2 cuadros. La transmisi\u00f3n de video tambi\u00e9n incluye un canal de audio est\u00e9reo que se puede habilitar o deshabilitar desde la aplicaci\u00f3n Vuer iOS.<\/p>\n<p><strong>Funciona en armon\u00eda con los productos Teradek Bolt y Paralinx.<\/strong><\/p>\n<p>Serv Pro funciona con WiFi de 5 Ghz y es una herramienta complementaria para los sistemas inal\u00e1mbricos sin demora como la serie Bolt. Con una gesti\u00f3n de frecuencia adecuada, estos sistemas funcionar\u00e1n juntos sin interferencias.<\/p>\n<p><strong>Monitoreo profesional con VUER<\/strong><\/p>\n<p>La aplicaci\u00f3n VUER para iOS pone en sus manos un conjunto completo de herramientas para directores de fotograf\u00eda, lo que le permite usar vectorescopios, colores falsos, picos de enfoque y m\u00e1s en cada fuente de Serv Pro que est\u00e1 monitoreando. La aplicaci\u00f3n es de uso gratuito y se puede personalizar para permitir a los usuarios acceso completo o limitado al conjunto de herramientas.<\/p>\n<p><strong>Supervise hasta 4 transmisiones en vivo a la vez<\/strong><\/p>\n<p>VUER puede monitorear hasta 4 transmisiones Serv Pro al mismo tiempo, todas en 1080p y todas con el mismo retraso de 2 cuadros.<\/p>\n","protected":false},"excerpt":{"rendered":"<p><img loading=\"lazy\" decoding=\"async\" class=\"alignnone size-full wp-image-926\" src=\"https:\/\/almarental.media\/renta-equipo-cine-television-comerciales\/wp-content\/uploads\/2022\/06\/teradek.png\" alt=\"\" width=\"191\" height=\"34\" \/><\/p>\n<p><strong>Main Specs:<\/strong><\/p>\n<ul id=\"product-keypoints\" data-bind=\"foreach: product().productHighlightsDisplay()\">\n<li data-bind=\"html: $data\">Wi-Fi Video Monitoring Solution<\/li>\n<li data-bind=\"html: $data\">Use Free iOS App to Monitor Video on Up to 10 iPhones\/iPads<\/li>\n<li data-bind=\"html: $data\">Share feeds with viewers on- and off-set<\/li>\n<li data-bind=\"html: $data\">Up to 1080p Resolution<\/li>\n<li data-bind=\"html: $data\">Only 2-Frame Latency<\/li>\n<\/ul>\n","protected":false},"featured_media":935,"comment_status":"open","ping_status":"closed","template":"","meta":[],"product_cat":[26],"product_tag":[],"class_list":["post-934","product","type-product","status-publish","has-post-thumbnail","hentry","product_cat-transmisores","description-off"],"yoast_head":"<!-- This site is optimized with the Yoast SEO plugin v19.1 - https:\/\/yoast.com\/wordpress\/plugins\/seo\/ -->\n<title>Teradek Serv Pro - Renta de equipo para cine, televisi\u00f3n y comerciales<\/title>\n<meta name=\"robots\" content=\"index, follow, max-snippet:-1, max-image-preview:large, max-video-preview:-1\" \/>\n<link rel=\"canonical\" href=\"https:\/\/almarental.media\/renta-equipo-cine-television-comerciales\/cotiza\/transmisores\/teradek-serv-pro\/\" \/>\n<meta property=\"og:locale\" content=\"es_ES\" \/>\n<meta property=\"og:type\" content=\"article\" \/>\n<meta property=\"og:title\" content=\"Teradek Serv Pro - Renta de equipo para cine, televisi\u00f3n y comerciales\" \/>\n<meta property=\"og:description\" content=\"Main Specs:   Wi-Fi Video Monitoring Solution  Use Free iOS App to Monitor Video on Up to 10 iPhones\/iPads  Share feeds with viewers on- and off-set  Up to 1080p Resolution  Only 2-Frame Latency\" \/>\n<meta property=\"og:url\" content=\"https:\/\/almarental.media\/renta-equipo-cine-television-comerciales\/cotiza\/transmisores\/teradek-serv-pro\/\" \/>\n<meta property=\"og:site_name\" content=\"Renta de equipo para cine, televisi\u00f3n y comerciales\" \/>\n<meta property=\"og:image\" content=\"https:\/\/almarental.media\/renta-equipo-cine-television-comerciales\/wp-content\/uploads\/2022\/06\/Transmisor-en-renta-Teradek-Serv-Pro.png\" \/>\n\t<meta property=\"og:image:width\" content=\"1000\" \/>\n\t<meta property=\"og:image:height\" content=\"1000\" \/>\n\t<meta property=\"og:image:type\" content=\"image\/png\" \/>\n<meta name=\"twitter:card\" content=\"summary_large_image\" \/>\n<meta name=\"twitter:label1\" content=\"Tiempo de lectura\" \/>\n\t<meta name=\"twitter:data1\" content=\"1 minuto\" \/>\n<script type=\"application\/ld+json\" class=\"yoast-schema-graph\">{\"@context\":\"https:\/\/schema.org\",\"@graph\":[{\"@type\":\"WebSite\",\"@id\":\"https:\/\/almarental.media\/renta-equipo-cine-television-comerciales\/#website\",\"url\":\"https:\/\/almarental.media\/renta-equipo-cine-television-comerciales\/\",\"name\":\"Renta de equipo para cine, televisi\u00f3n y comerciales\",\"description\":\"Casa de renta de equipo profesional para proyectos audiovisuales, DIT (digital image technician), Data y video en M\u00e9xico.\",\"potentialAction\":[{\"@type\":\"SearchAction\",\"target\":{\"@type\":\"EntryPoint\",\"urlTemplate\":\"https:\/\/almarental.media\/renta-equipo-cine-television-comerciales\/?s={search_term_string}\"},\"query-input\":\"required name=search_term_string\"}],\"inLanguage\":\"es\"},{\"@type\":\"ImageObject\",\"inLanguage\":\"es\",\"@id\":\"https:\/\/almarental.media\/renta-equipo-cine-television-comerciales\/cotiza\/transmisores\/teradek-serv-pro\/#primaryimage\",\"url\":\"https:\/\/almarental.media\/renta-equipo-cine-television-comerciales\/wp-content\/uploads\/2022\/06\/Transmisor-en-renta-Teradek-Serv-Pro.png\",\"contentUrl\":\"https:\/\/almarental.media\/renta-equipo-cine-television-comerciales\/wp-content\/uploads\/2022\/06\/Transmisor-en-renta-Teradek-Serv-Pro.png\",\"width\":1000,\"height\":1000,\"caption\":\"Transmisor en renta Teradek Serv Pro\"},{\"@type\":\"WebPage\",\"@id\":\"https:\/\/almarental.media\/renta-equipo-cine-television-comerciales\/cotiza\/transmisores\/teradek-serv-pro\/#webpage\",\"url\":\"https:\/\/almarental.media\/renta-equipo-cine-television-comerciales\/cotiza\/transmisores\/teradek-serv-pro\/\",\"name\":\"Teradek Serv Pro - Renta de equipo para cine, televisi\u00f3n y comerciales\",\"isPartOf\":{\"@id\":\"https:\/\/almarental.media\/renta-equipo-cine-television-comerciales\/#website\"},\"primaryImageOfPage\":{\"@id\":\"https:\/\/almarental.media\/renta-equipo-cine-television-comerciales\/cotiza\/transmisores\/teradek-serv-pro\/#primaryimage\"},\"datePublished\":\"2022-06-14T00:28:24+00:00\",\"dateModified\":\"2022-06-14T00:28:24+00:00\",\"breadcrumb\":{\"@id\":\"https:\/\/almarental.media\/renta-equipo-cine-television-comerciales\/cotiza\/transmisores\/teradek-serv-pro\/#breadcrumb\"},\"inLanguage\":\"es\",\"potentialAction\":[{\"@type\":\"ReadAction\",\"target\":[\"https:\/\/almarental.media\/renta-equipo-cine-television-comerciales\/cotiza\/transmisores\/teradek-serv-pro\/\"]}]},{\"@type\":\"BreadcrumbList\",\"@id\":\"https:\/\/almarental.media\/renta-equipo-cine-television-comerciales\/cotiza\/transmisores\/teradek-serv-pro\/#breadcrumb\",\"itemListElement\":[{\"@type\":\"ListItem\",\"position\":1,\"name\":\"Portada\",\"item\":\"https:\/\/almarental.media\/renta-equipo-cine-television-comerciales\/\"},{\"@type\":\"ListItem\",\"position\":2,\"name\":\"Productos\",\"item\":\"https:\/\/almarental.media\/renta-equipo-cine-television-comerciales\/cotiza\/\"},{\"@type\":\"ListItem\",\"position\":3,\"name\":\"Teradek Serv Pro\"}]}]}<\/script>\n<!-- \/ Yoast SEO plugin. -->","yoast_head_json":{"title":"Teradek Serv Pro - Renta de equipo para cine, televisi\u00f3n y comerciales","robots":{"index":"index","follow":"follow","max-snippet":"max-snippet:-1","max-image-preview":"max-image-preview:large","max-video-preview":"max-video-preview:-1"},"canonical":"https:\/\/almarental.media\/renta-equipo-cine-television-comerciales\/cotiza\/transmisores\/teradek-serv-pro\/","og_locale":"es_ES","og_type":"article","og_title":"Teradek Serv Pro - Renta de equipo para cine, televisi\u00f3n y comerciales","og_description":"Main Specs:   Wi-Fi Video Monitoring Solution  Use Free iOS App to Monitor Video on Up to 10 iPhones\/iPads  Share feeds with viewers on- and off-set  Up to 1080p Resolution  Only 2-Frame Latency","og_url":"https:\/\/almarental.media\/renta-equipo-cine-television-comerciales\/cotiza\/transmisores\/teradek-serv-pro\/","og_site_name":"Renta de equipo para cine, televisi\u00f3n y comerciales","og_image":[{"width":1000,"height":1000,"url":"https:\/\/almarental.media\/renta-equipo-cine-television-comerciales\/wp-content\/uploads\/2022\/06\/Transmisor-en-renta-Teradek-Serv-Pro.png","type":"image\/png"}],"twitter_card":"summary_large_image","twitter_misc":{"Tiempo de lectura":"1 minuto"},"schema":{"@context":"https:\/\/schema.org","@graph":[{"@type":"WebSite","@id":"https:\/\/almarental.media\/renta-equipo-cine-television-comerciales\/#website","url":"https:\/\/almarental.media\/renta-equipo-cine-television-comerciales\/","name":"Renta de equipo para cine, televisi\u00f3n y comerciales","description":"Casa de renta de equipo profesional para proyectos audiovisuales, DIT (digital image technician), Data y video en M\u00e9xico.","potentialAction":[{"@type":"SearchAction","target":{"@type":"EntryPoint","urlTemplate":"https:\/\/almarental.media\/renta-equipo-cine-television-comerciales\/?s={search_term_string}"},"query-input":"required name=search_term_string"}],"inLanguage":"es"},{"@type":"ImageObject","inLanguage":"es","@id":"https:\/\/almarental.media\/renta-equipo-cine-television-comerciales\/cotiza\/transmisores\/teradek-serv-pro\/#primaryimage","url":"https:\/\/almarental.media\/renta-equipo-cine-television-comerciales\/wp-content\/uploads\/2022\/06\/Transmisor-en-renta-Teradek-Serv-Pro.png","contentUrl":"https:\/\/almarental.media\/renta-equipo-cine-television-comerciales\/wp-content\/uploads\/2022\/06\/Transmisor-en-renta-Teradek-Serv-Pro.png","width":1000,"height":1000,"caption":"Transmisor en renta Teradek Serv Pro"},{"@type":"WebPage","@id":"https:\/\/almarental.media\/renta-equipo-cine-television-comerciales\/cotiza\/transmisores\/teradek-serv-pro\/#webpage","url":"https:\/\/almarental.media\/renta-equipo-cine-television-comerciales\/cotiza\/transmisores\/teradek-serv-pro\/","name":"Teradek Serv Pro - Renta de equipo para cine, televisi\u00f3n y comerciales","isPartOf":{"@id":"https:\/\/almarental.media\/renta-equipo-cine-television-comerciales\/#website"},"primaryImageOfPage":{"@id":"https:\/\/almarental.media\/renta-equipo-cine-television-comerciales\/cotiza\/transmisores\/teradek-serv-pro\/#primaryimage"},"datePublished":"2022-06-14T00:28:24+00:00","dateModified":"2022-06-14T00:28:24+00:00","breadcrumb":{"@id":"https:\/\/almarental.media\/renta-equipo-cine-television-comerciales\/cotiza\/transmisores\/teradek-serv-pro\/#breadcrumb"},"inLanguage":"es","potentialAction":[{"@type":"ReadAction","target":["https:\/\/almarental.media\/renta-equipo-cine-television-comerciales\/cotiza\/transmisores\/teradek-serv-pro\/"]}]},{"@type":"BreadcrumbList","@id":"https:\/\/almarental.media\/renta-equipo-cine-television-comerciales\/cotiza\/transmisores\/teradek-serv-pro\/#breadcrumb","itemListElement":[{"@type":"ListItem","position":1,"name":"Portada","item":"https:\/\/almarental.media\/renta-equipo-cine-television-comerciales\/"},{"@type":"ListItem","position":2,"name":"Productos","item":"https:\/\/almarental.media\/renta-equipo-cine-television-comerciales\/cotiza\/"},{"@type":"ListItem","position":3,"name":"Teradek Serv Pro"}]}]}},"_links":{"self":[{"href":"https:\/\/almarental.media\/renta-equipo-cine-television-comerciales\/wp-json\/wp\/v2\/product\/934","targetHints":{"allow":["GET"]}}],"collection":[{"href":"https:\/\/almarental.media\/renta-equipo-cine-television-comerciales\/wp-json\/wp\/v2\/product"}],"about":[{"href":"https:\/\/almarental.media\/renta-equipo-cine-television-comerciales\/wp-json\/wp\/v2\/types\/product"}],"replies":[{"embeddable":true,"href":"https:\/\/almarental.media\/renta-equipo-cine-television-comerciales\/wp-json\/wp\/v2\/comments?post=934"}],"wp:featuredmedia":[{"embeddable":true,"href":"https:\/\/almarental.media\/renta-equipo-cine-television-comerciales\/wp-json\/wp\/v2\/media\/935"}],"wp:attachment":[{"href":"https:\/\/almarental.media\/renta-equipo-cine-television-comerciales\/wp-json\/wp\/v2\/media?parent=934"}],"wp:term":[{"taxonomy":"product_cat","embeddable":true,"href":"https:\/\/almarental.media\/renta-equipo-cine-television-comerciales\/wp-json\/wp\/v2\/product_cat?post=934"},{"taxonomy":"product_tag","embeddable":true,"href":"https:\/\/almarental.media\/renta-equipo-cine-television-comerciales\/wp-json\/wp\/v2\/product_tag?post=934"}],"curies":[{"name":"wp","href":"https:\/\/api.w.org\/{rel}","templated":true}]}}