{"id":910,"date":"2022-06-13T17:50:16","date_gmt":"2022-06-13T17:50:16","guid":{"rendered":"https:\/\/almarental.media\/renta-equipo-cine-television-comerciales\/?post_type=product&#038;p=910"},"modified":"2022-06-13T18:48:47","modified_gmt":"2022-06-13T18:48:47","slug":"blackmagic-design-smartscope-duo-4k","status":"publish","type":"product","link":"https:\/\/almarental.media\/renta-equipo-cine-television-comerciales\/cotiza\/monitores\/blackmagic-design-smartscope-duo-4k\/","title":{"rendered":"Blackmagic Design SmartScope Duo 4K"},"content":{"rendered":"<p>Los monitores duales 6G-SDI Blackmagic Design SmartScope Duo 4K montados en rack son una soluci\u00f3n de monitoreo para producciones de estudio y locaci\u00f3n, que muestra video con resoluciones de hasta 3840 x 2160 a 30p. Cuenta con dos monitores de 8 \u00ab, cada uno con una entrada y salida SDI en bucle. Las entradas son de detecci\u00f3n\/selecci\u00f3n autom\u00e1tica, por lo que no tiene que preocuparse por hacer coincidir el formato de entrada; el monitor mostrar\u00e1 cualquier formato compatible que lo alimente. Puede optar por mostrar el video de entrada o una de las seis pantallas de alcance, mientras que el video de entrada pasa a trav\u00e9s del monitor a los dispositivos de descarga.<\/p>\n","protected":false},"excerpt":{"rendered":"<p><strong><img loading=\"lazy\" decoding=\"async\" class=\"alignnone size-full wp-image-919\" src=\"https:\/\/almarental.media\/renta-equipo-cine-television-comerciales\/wp-content\/uploads\/2022\/06\/black-magic-design.png\" alt=\"\" width=\"191\" height=\"64\" \/><\/strong><\/p>\n<p><strong>Blackmagic Design SmartScope Duo 4K Rack-Mounted Dual 6G-SDI Monitors<\/strong><\/p>\n<p><strong>Main Specs:<\/strong><\/p>\n<table style=\"border-collapse: collapse; width: 100%;\">\n<tbody>\n<tr>\n<td style=\"width: 50%;\">\n<ul class=\"list_OMS5rN7R1Z\">\n<li class=\"listItem_OMS5rN7R1Z\" data-selenium=\"sellingPointsListItem\">Supports SD\/HD\/3G\/6G-SDI<\/li>\n<li class=\"listItem_OMS5rN7R1Z\" data-selenium=\"sellingPointsListItem\">Auto Format Sensing &amp; Selection<\/li>\n<li class=\"listItem_OMS5rN7R1Z\" data-selenium=\"sellingPointsListItem\">1 x Loop-Through SDI I\/O per Monitor<\/li>\n<li class=\"listItem_OMS5rN7R1Z\" data-selenium=\"sellingPointsListItem\">Select Video, Waveform, Vectorscope<\/li>\n<li class=\"listItem_OMS5rN7R1Z\" data-selenium=\"sellingPointsListItem\">RGB Parade, YUV Parade, Histogram<\/li>\n<\/ul>\n<\/td>\n<td style=\"width: 50%;\">\n<ul class=\"list_OMS5rN7R1Z\">\n<li class=\"listItem_OMS5rN7R1Z\" data-selenium=\"sellingPointsListItem\">Audio Phase &amp; Levels<\/li>\n<li class=\"listItem_OMS5rN7R1Z\" data-selenium=\"sellingPointsListItem\">Software Control via Ethernet<\/li>\n<li class=\"listItem_OMS5rN7R1Z\" data-selenium=\"sellingPointsListItem\">Industry Compatible Tally System<\/li>\n<li class=\"listItem_OMS5rN7R1Z\" data-selenium=\"sellingPointsListItem\">3 Rack Unit Size for Mounting<\/li>\n<li class=\"listItem_OMS5rN7R1Z\" data-selenium=\"sellingPointsListItem\">Auto Orientation Sensing &amp; Image Flip<\/li>\n<\/ul>\n<\/td>\n<\/tr>\n<\/tbody>\n<\/table>\n","protected":false},"featured_media":911,"comment_status":"open","ping_status":"closed","template":"","meta":[],"product_cat":[16],"product_tag":[],"class_list":["post-910","product","type-product","status-publish","has-post-thumbnail","hentry","product_cat-monitores","description-off"],"yoast_head":"<!-- This site is optimized with the Yoast SEO plugin v19.1 - https:\/\/yoast.com\/wordpress\/plugins\/seo\/ -->\n<title>Blackmagic Design SmartScope Duo 4K - Renta de equipo para cine, televisi\u00f3n y comerciales<\/title>\n<meta name=\"robots\" content=\"index, follow, max-snippet:-1, max-image-preview:large, max-video-preview:-1\" \/>\n<link rel=\"canonical\" href=\"https:\/\/almarental.media\/renta-equipo-cine-television-comerciales\/cotiza\/monitores\/blackmagic-design-smartscope-duo-4k\/\" \/>\n<meta property=\"og:locale\" content=\"es_ES\" \/>\n<meta property=\"og:type\" content=\"article\" \/>\n<meta property=\"og:title\" content=\"Blackmagic Design SmartScope Duo 4K - Renta de equipo para cine, televisi\u00f3n y comerciales\" \/>\n<meta property=\"og:description\" content=\"Blackmagic Design SmartScope Duo 4K Rack-Mounted Dual 6G-SDI Monitors  Main Specs:       Supports SD\/HD\/3G\/6G-SDI  Auto Format Sensing &amp; Selection  1 x Loop-Through SDI I\/O per Monitor  Select Video, Waveform, Vectorscope  RGB Parade, YUV Parade, Histogram      Audio Phase &amp; Levels  Software Control via Ethernet  Industry Compatible Tally System  3 Rack Unit Size for Mounting  Auto Orientation Sensing &amp; Image Flip\" \/>\n<meta property=\"og:url\" content=\"https:\/\/almarental.media\/renta-equipo-cine-television-comerciales\/cotiza\/monitores\/blackmagic-design-smartscope-duo-4k\/\" \/>\n<meta property=\"og:site_name\" content=\"Renta de equipo para cine, televisi\u00f3n y comerciales\" \/>\n<meta property=\"article:modified_time\" content=\"2022-06-13T18:48:47+00:00\" \/>\n<meta property=\"og:image\" content=\"https:\/\/almarental.media\/renta-equipo-cine-television-comerciales\/wp-content\/uploads\/2022\/06\/Renta-de-monitor-Blackmagic-Design-SmartScope-Duo-4K-Rack-Mounted-Dual-6G-SDI-Monitors.png\" \/>\n\t<meta property=\"og:image:width\" content=\"1000\" \/>\n\t<meta property=\"og:image:height\" content=\"1000\" \/>\n\t<meta property=\"og:image:type\" content=\"image\/png\" \/>\n<meta name=\"twitter:card\" content=\"summary_large_image\" \/>\n<meta name=\"twitter:label1\" content=\"Tiempo de lectura\" \/>\n\t<meta name=\"twitter:data1\" content=\"1 minuto\" \/>\n<script type=\"application\/ld+json\" class=\"yoast-schema-graph\">{\"@context\":\"https:\/\/schema.org\",\"@graph\":[{\"@type\":\"WebSite\",\"@id\":\"https:\/\/almarental.media\/renta-equipo-cine-television-comerciales\/#website\",\"url\":\"https:\/\/almarental.media\/renta-equipo-cine-television-comerciales\/\",\"name\":\"Renta de equipo para cine, televisi\u00f3n y comerciales\",\"description\":\"Casa de renta de equipo profesional para proyectos audiovisuales, DIT (digital image technician), Data y video en M\u00e9xico.\",\"potentialAction\":[{\"@type\":\"SearchAction\",\"target\":{\"@type\":\"EntryPoint\",\"urlTemplate\":\"https:\/\/almarental.media\/renta-equipo-cine-television-comerciales\/?s={search_term_string}\"},\"query-input\":\"required name=search_term_string\"}],\"inLanguage\":\"es\"},{\"@type\":\"ImageObject\",\"inLanguage\":\"es\",\"@id\":\"https:\/\/almarental.media\/renta-equipo-cine-television-comerciales\/cotiza\/monitores\/blackmagic-design-smartscope-duo-4k\/#primaryimage\",\"url\":\"https:\/\/almarental.media\/renta-equipo-cine-television-comerciales\/wp-content\/uploads\/2022\/06\/Renta-de-monitor-Blackmagic-Design-SmartScope-Duo-4K-Rack-Mounted-Dual-6G-SDI-Monitors.png\",\"contentUrl\":\"https:\/\/almarental.media\/renta-equipo-cine-television-comerciales\/wp-content\/uploads\/2022\/06\/Renta-de-monitor-Blackmagic-Design-SmartScope-Duo-4K-Rack-Mounted-Dual-6G-SDI-Monitors.png\",\"width\":1000,\"height\":1000,\"caption\":\"Renta de monitor Blackmagic Design SmartScope Duo 4K Rack-Mounted Dual 6G SDI Monitors\"},{\"@type\":\"WebPage\",\"@id\":\"https:\/\/almarental.media\/renta-equipo-cine-television-comerciales\/cotiza\/monitores\/blackmagic-design-smartscope-duo-4k\/#webpage\",\"url\":\"https:\/\/almarental.media\/renta-equipo-cine-television-comerciales\/cotiza\/monitores\/blackmagic-design-smartscope-duo-4k\/\",\"name\":\"Blackmagic Design SmartScope Duo 4K - Renta de equipo para cine, televisi\u00f3n y comerciales\",\"isPartOf\":{\"@id\":\"https:\/\/almarental.media\/renta-equipo-cine-television-comerciales\/#website\"},\"primaryImageOfPage\":{\"@id\":\"https:\/\/almarental.media\/renta-equipo-cine-television-comerciales\/cotiza\/monitores\/blackmagic-design-smartscope-duo-4k\/#primaryimage\"},\"datePublished\":\"2022-06-13T17:50:16+00:00\",\"dateModified\":\"2022-06-13T18:48:47+00:00\",\"breadcrumb\":{\"@id\":\"https:\/\/almarental.media\/renta-equipo-cine-television-comerciales\/cotiza\/monitores\/blackmagic-design-smartscope-duo-4k\/#breadcrumb\"},\"inLanguage\":\"es\",\"potentialAction\":[{\"@type\":\"ReadAction\",\"target\":[\"https:\/\/almarental.media\/renta-equipo-cine-television-comerciales\/cotiza\/monitores\/blackmagic-design-smartscope-duo-4k\/\"]}]},{\"@type\":\"BreadcrumbList\",\"@id\":\"https:\/\/almarental.media\/renta-equipo-cine-television-comerciales\/cotiza\/monitores\/blackmagic-design-smartscope-duo-4k\/#breadcrumb\",\"itemListElement\":[{\"@type\":\"ListItem\",\"position\":1,\"name\":\"Portada\",\"item\":\"https:\/\/almarental.media\/renta-equipo-cine-television-comerciales\/\"},{\"@type\":\"ListItem\",\"position\":2,\"name\":\"Productos\",\"item\":\"https:\/\/almarental.media\/renta-equipo-cine-television-comerciales\/cotiza\/\"},{\"@type\":\"ListItem\",\"position\":3,\"name\":\"Blackmagic Design SmartScope Duo 4K\"}]}]}<\/script>\n<!-- \/ Yoast SEO plugin. -->","yoast_head_json":{"title":"Blackmagic Design SmartScope Duo 4K - Renta de equipo para cine, televisi\u00f3n y comerciales","robots":{"index":"index","follow":"follow","max-snippet":"max-snippet:-1","max-image-preview":"max-image-preview:large","max-video-preview":"max-video-preview:-1"},"canonical":"https:\/\/almarental.media\/renta-equipo-cine-television-comerciales\/cotiza\/monitores\/blackmagic-design-smartscope-duo-4k\/","og_locale":"es_ES","og_type":"article","og_title":"Blackmagic Design SmartScope Duo 4K - Renta de equipo para cine, televisi\u00f3n y comerciales","og_description":"Blackmagic Design SmartScope Duo 4K Rack-Mounted Dual 6G-SDI Monitors  Main Specs:       Supports SD\/HD\/3G\/6G-SDI  Auto Format Sensing &amp; Selection  1 x Loop-Through SDI I\/O per Monitor  Select Video, Waveform, Vectorscope  RGB Parade, YUV Parade, Histogram      Audio Phase &amp; Levels  Software Control via Ethernet  Industry Compatible Tally System  3 Rack Unit Size for Mounting  Auto Orientation Sensing &amp; Image Flip","og_url":"https:\/\/almarental.media\/renta-equipo-cine-television-comerciales\/cotiza\/monitores\/blackmagic-design-smartscope-duo-4k\/","og_site_name":"Renta de equipo para cine, televisi\u00f3n y comerciales","article_modified_time":"2022-06-13T18:48:47+00:00","og_image":[{"width":1000,"height":1000,"url":"https:\/\/almarental.media\/renta-equipo-cine-television-comerciales\/wp-content\/uploads\/2022\/06\/Renta-de-monitor-Blackmagic-Design-SmartScope-Duo-4K-Rack-Mounted-Dual-6G-SDI-Monitors.png","type":"image\/png"}],"twitter_card":"summary_large_image","twitter_misc":{"Tiempo de lectura":"1 minuto"},"schema":{"@context":"https:\/\/schema.org","@graph":[{"@type":"WebSite","@id":"https:\/\/almarental.media\/renta-equipo-cine-television-comerciales\/#website","url":"https:\/\/almarental.media\/renta-equipo-cine-television-comerciales\/","name":"Renta de equipo para cine, televisi\u00f3n y comerciales","description":"Casa de renta de equipo profesional para proyectos audiovisuales, DIT (digital image technician), Data y video en M\u00e9xico.","potentialAction":[{"@type":"SearchAction","target":{"@type":"EntryPoint","urlTemplate":"https:\/\/almarental.media\/renta-equipo-cine-television-comerciales\/?s={search_term_string}"},"query-input":"required name=search_term_string"}],"inLanguage":"es"},{"@type":"ImageObject","inLanguage":"es","@id":"https:\/\/almarental.media\/renta-equipo-cine-television-comerciales\/cotiza\/monitores\/blackmagic-design-smartscope-duo-4k\/#primaryimage","url":"https:\/\/almarental.media\/renta-equipo-cine-television-comerciales\/wp-content\/uploads\/2022\/06\/Renta-de-monitor-Blackmagic-Design-SmartScope-Duo-4K-Rack-Mounted-Dual-6G-SDI-Monitors.png","contentUrl":"https:\/\/almarental.media\/renta-equipo-cine-television-comerciales\/wp-content\/uploads\/2022\/06\/Renta-de-monitor-Blackmagic-Design-SmartScope-Duo-4K-Rack-Mounted-Dual-6G-SDI-Monitors.png","width":1000,"height":1000,"caption":"Renta de monitor Blackmagic Design SmartScope Duo 4K Rack-Mounted Dual 6G SDI Monitors"},{"@type":"WebPage","@id":"https:\/\/almarental.media\/renta-equipo-cine-television-comerciales\/cotiza\/monitores\/blackmagic-design-smartscope-duo-4k\/#webpage","url":"https:\/\/almarental.media\/renta-equipo-cine-television-comerciales\/cotiza\/monitores\/blackmagic-design-smartscope-duo-4k\/","name":"Blackmagic Design SmartScope Duo 4K - Renta de equipo para cine, televisi\u00f3n y comerciales","isPartOf":{"@id":"https:\/\/almarental.media\/renta-equipo-cine-television-comerciales\/#website"},"primaryImageOfPage":{"@id":"https:\/\/almarental.media\/renta-equipo-cine-television-comerciales\/cotiza\/monitores\/blackmagic-design-smartscope-duo-4k\/#primaryimage"},"datePublished":"2022-06-13T17:50:16+00:00","dateModified":"2022-06-13T18:48:47+00:00","breadcrumb":{"@id":"https:\/\/almarental.media\/renta-equipo-cine-television-comerciales\/cotiza\/monitores\/blackmagic-design-smartscope-duo-4k\/#breadcrumb"},"inLanguage":"es","potentialAction":[{"@type":"ReadAction","target":["https:\/\/almarental.media\/renta-equipo-cine-television-comerciales\/cotiza\/monitores\/blackmagic-design-smartscope-duo-4k\/"]}]},{"@type":"BreadcrumbList","@id":"https:\/\/almarental.media\/renta-equipo-cine-television-comerciales\/cotiza\/monitores\/blackmagic-design-smartscope-duo-4k\/#breadcrumb","itemListElement":[{"@type":"ListItem","position":1,"name":"Portada","item":"https:\/\/almarental.media\/renta-equipo-cine-television-comerciales\/"},{"@type":"ListItem","position":2,"name":"Productos","item":"https:\/\/almarental.media\/renta-equipo-cine-television-comerciales\/cotiza\/"},{"@type":"ListItem","position":3,"name":"Blackmagic Design SmartScope Duo 4K"}]}]}},"_links":{"self":[{"href":"https:\/\/almarental.media\/renta-equipo-cine-television-comerciales\/wp-json\/wp\/v2\/product\/910","targetHints":{"allow":["GET"]}}],"collection":[{"href":"https:\/\/almarental.media\/renta-equipo-cine-television-comerciales\/wp-json\/wp\/v2\/product"}],"about":[{"href":"https:\/\/almarental.media\/renta-equipo-cine-television-comerciales\/wp-json\/wp\/v2\/types\/product"}],"replies":[{"embeddable":true,"href":"https:\/\/almarental.media\/renta-equipo-cine-television-comerciales\/wp-json\/wp\/v2\/comments?post=910"}],"wp:featuredmedia":[{"embeddable":true,"href":"https:\/\/almarental.media\/renta-equipo-cine-television-comerciales\/wp-json\/wp\/v2\/media\/911"}],"wp:attachment":[{"href":"https:\/\/almarental.media\/renta-equipo-cine-television-comerciales\/wp-json\/wp\/v2\/media?parent=910"}],"wp:term":[{"taxonomy":"product_cat","embeddable":true,"href":"https:\/\/almarental.media\/renta-equipo-cine-television-comerciales\/wp-json\/wp\/v2\/product_cat?post=910"},{"taxonomy":"product_tag","embeddable":true,"href":"https:\/\/almarental.media\/renta-equipo-cine-television-comerciales\/wp-json\/wp\/v2\/product_tag?post=910"}],"curies":[{"name":"wp","href":"https:\/\/api.w.org\/{rel}","templated":true}]}}