{"id":1003,"date":"2022-06-23T13:00:41","date_gmt":"2022-06-23T13:00:41","guid":{"rendered":"https:\/\/almarental.media\/renta-equipo-cine-television-comerciales\/?page_id=1003"},"modified":"2022-06-23T13:07:53","modified_gmt":"2022-06-23T13:07:53","slug":"contacto","status":"publish","type":"page","link":"https:\/\/almarental.media\/renta-equipo-cine-television-comerciales\/contacto\/","title":{"rendered":"Estamos a tu alcance"},"content":{"rendered":"<p>[vc_row][vc_column][vc_column_text]<\/p>\n<p style=\"text-align: center;\">Colocamos distintos medios de comunicaci\u00f3n a tu disposici\u00f3n, te responderemos a la brevedad.<\/p>\n<p>[\/vc_column_text][\/vc_column][\/vc_row]<\/p>\n","protected":false},"excerpt":{"rendered":"<p>[vc_row][vc_column][vc_column_text] Colocamos distintos medios de comunicaci\u00f3n a tu disposici\u00f3n, te responderemos a la brevedad. [\/vc_column_text][\/vc_column][\/vc_row]<\/p>\n","protected":false},"author":1,"featured_media":0,"parent":0,"menu_order":0,"comment_status":"closed","ping_status":"closed","template":"","meta":{"footnotes":""},"class_list":["post-1003","page","type-page","status-publish","hentry","description-off"],"yoast_head":"<!-- This site is optimized with the Yoast SEO plugin v19.1 - https:\/\/yoast.com\/wordpress\/plugins\/seo\/ -->\n<title>Contacto - Renta de equipo para cine, televisi\u00f3n y comerciales<\/title>\n<meta name=\"robots\" content=\"index, follow, max-snippet:-1, max-image-preview:large, max-video-preview:-1\" \/>\n<link rel=\"canonical\" href=\"https:\/\/almarental.media\/renta-equipo-cine-television-comerciales\/contacto\/\" \/>\n<meta property=\"og:locale\" content=\"es_ES\" \/>\n<meta property=\"og:type\" content=\"article\" \/>\n<meta property=\"og:title\" content=\"Contacto - Renta de equipo para cine, televisi\u00f3n y comerciales\" \/>\n<meta property=\"og:description\" content=\"[vc_row][vc_column][vc_column_text] Colocamos distintos medios de comunicaci\u00f3n a tu disposici\u00f3n, te responderemos a la brevedad. [\/vc_column_text][\/vc_column][\/vc_row]\" \/>\n<meta property=\"og:url\" content=\"https:\/\/almarental.media\/renta-equipo-cine-television-comerciales\/contacto\/\" \/>\n<meta property=\"og:site_name\" content=\"Renta de equipo para cine, televisi\u00f3n y comerciales\" \/>\n<meta property=\"article:modified_time\" content=\"2022-06-23T13:07:53+00:00\" \/>\n<meta name=\"twitter:card\" content=\"summary_large_image\" \/>\n<meta name=\"twitter:label1\" content=\"Tiempo de lectura\" \/>\n\t<meta name=\"twitter:data1\" content=\"1 minuto\" \/>\n<script type=\"application\/ld+json\" class=\"yoast-schema-graph\">{\"@context\":\"https:\/\/schema.org\",\"@graph\":[{\"@type\":\"WebSite\",\"@id\":\"https:\/\/almarental.media\/renta-equipo-cine-television-comerciales\/#website\",\"url\":\"https:\/\/almarental.media\/renta-equipo-cine-television-comerciales\/\",\"name\":\"Renta de equipo para cine, televisi\u00f3n y comerciales\",\"description\":\"Casa de renta de equipo profesional para proyectos audiovisuales, DIT (digital image technician), Data y video en M\u00e9xico.\",\"potentialAction\":[{\"@type\":\"SearchAction\",\"target\":{\"@type\":\"EntryPoint\",\"urlTemplate\":\"https:\/\/almarental.media\/renta-equipo-cine-television-comerciales\/?s={search_term_string}\"},\"query-input\":\"required name=search_term_string\"}],\"inLanguage\":\"es\"},{\"@type\":\"WebPage\",\"@id\":\"https:\/\/almarental.media\/renta-equipo-cine-television-comerciales\/contacto\/#webpage\",\"url\":\"https:\/\/almarental.media\/renta-equipo-cine-television-comerciales\/contacto\/\",\"name\":\"Contacto - Renta de equipo para cine, televisi\u00f3n y comerciales\",\"isPartOf\":{\"@id\":\"https:\/\/almarental.media\/renta-equipo-cine-television-comerciales\/#website\"},\"datePublished\":\"2022-06-23T13:00:41+00:00\",\"dateModified\":\"2022-06-23T13:07:53+00:00\",\"breadcrumb\":{\"@id\":\"https:\/\/almarental.media\/renta-equipo-cine-television-comerciales\/contacto\/#breadcrumb\"},\"inLanguage\":\"es\",\"potentialAction\":[{\"@type\":\"ReadAction\",\"target\":[\"https:\/\/almarental.media\/renta-equipo-cine-television-comerciales\/contacto\/\"]}]},{\"@type\":\"BreadcrumbList\",\"@id\":\"https:\/\/almarental.media\/renta-equipo-cine-television-comerciales\/contacto\/#breadcrumb\",\"itemListElement\":[{\"@type\":\"ListItem\",\"position\":1,\"name\":\"Portada\",\"item\":\"https:\/\/almarental.media\/renta-equipo-cine-television-comerciales\/\"},{\"@type\":\"ListItem\",\"position\":2,\"name\":\"Estamos a tu alcance\"}]}]}<\/script>\n<!-- \/ Yoast SEO plugin. -->","yoast_head_json":{"title":"Contacto - Renta de equipo para cine, televisi\u00f3n y comerciales","robots":{"index":"index","follow":"follow","max-snippet":"max-snippet:-1","max-image-preview":"max-image-preview:large","max-video-preview":"max-video-preview:-1"},"canonical":"https:\/\/almarental.media\/renta-equipo-cine-television-comerciales\/contacto\/","og_locale":"es_ES","og_type":"article","og_title":"Contacto - Renta de equipo para cine, televisi\u00f3n y comerciales","og_description":"[vc_row][vc_column][vc_column_text] Colocamos distintos medios de comunicaci\u00f3n a tu disposici\u00f3n, te responderemos a la brevedad. [\/vc_column_text][\/vc_column][\/vc_row]","og_url":"https:\/\/almarental.media\/renta-equipo-cine-television-comerciales\/contacto\/","og_site_name":"Renta de equipo para cine, televisi\u00f3n y comerciales","article_modified_time":"2022-06-23T13:07:53+00:00","twitter_card":"summary_large_image","twitter_misc":{"Tiempo de lectura":"1 minuto"},"schema":{"@context":"https:\/\/schema.org","@graph":[{"@type":"WebSite","@id":"https:\/\/almarental.media\/renta-equipo-cine-television-comerciales\/#website","url":"https:\/\/almarental.media\/renta-equipo-cine-television-comerciales\/","name":"Renta de equipo para cine, televisi\u00f3n y comerciales","description":"Casa de renta de equipo profesional para proyectos audiovisuales, DIT (digital image technician), Data y video en M\u00e9xico.","potentialAction":[{"@type":"SearchAction","target":{"@type":"EntryPoint","urlTemplate":"https:\/\/almarental.media\/renta-equipo-cine-television-comerciales\/?s={search_term_string}"},"query-input":"required name=search_term_string"}],"inLanguage":"es"},{"@type":"WebPage","@id":"https:\/\/almarental.media\/renta-equipo-cine-television-comerciales\/contacto\/#webpage","url":"https:\/\/almarental.media\/renta-equipo-cine-television-comerciales\/contacto\/","name":"Contacto - Renta de equipo para cine, televisi\u00f3n y comerciales","isPartOf":{"@id":"https:\/\/almarental.media\/renta-equipo-cine-television-comerciales\/#website"},"datePublished":"2022-06-23T13:00:41+00:00","dateModified":"2022-06-23T13:07:53+00:00","breadcrumb":{"@id":"https:\/\/almarental.media\/renta-equipo-cine-television-comerciales\/contacto\/#breadcrumb"},"inLanguage":"es","potentialAction":[{"@type":"ReadAction","target":["https:\/\/almarental.media\/renta-equipo-cine-television-comerciales\/contacto\/"]}]},{"@type":"BreadcrumbList","@id":"https:\/\/almarental.media\/renta-equipo-cine-television-comerciales\/contacto\/#breadcrumb","itemListElement":[{"@type":"ListItem","position":1,"name":"Portada","item":"https:\/\/almarental.media\/renta-equipo-cine-television-comerciales\/"},{"@type":"ListItem","position":2,"name":"Estamos a tu alcance"}]}]}},"_links":{"self":[{"href":"https:\/\/almarental.media\/renta-equipo-cine-television-comerciales\/wp-json\/wp\/v2\/pages\/1003","targetHints":{"allow":["GET"]}}],"collection":[{"href":"https:\/\/almarental.media\/renta-equipo-cine-television-comerciales\/wp-json\/wp\/v2\/pages"}],"about":[{"href":"https:\/\/almarental.media\/renta-equipo-cine-television-comerciales\/wp-json\/wp\/v2\/types\/page"}],"author":[{"embeddable":true,"href":"https:\/\/almarental.media\/renta-equipo-cine-television-comerciales\/wp-json\/wp\/v2\/users\/1"}],"replies":[{"embeddable":true,"href":"https:\/\/almarental.media\/renta-equipo-cine-television-comerciales\/wp-json\/wp\/v2\/comments?post=1003"}],"version-history":[{"count":5,"href":"https:\/\/almarental.media\/renta-equipo-cine-television-comerciales\/wp-json\/wp\/v2\/pages\/1003\/revisions"}],"predecessor-version":[{"id":1010,"href":"https:\/\/almarental.media\/renta-equipo-cine-television-comerciales\/wp-json\/wp\/v2\/pages\/1003\/revisions\/1010"}],"wp:attachment":[{"href":"https:\/\/almarental.media\/renta-equipo-cine-television-comerciales\/wp-json\/wp\/v2\/media?parent=1003"}],"curies":[{"name":"wp","href":"https:\/\/api.w.org\/{rel}","templated":true}]}}

<p>[vc_row][vc_column][vc_column_text]</p>
<p style="text-align: center;">Colocamos distintos medios de comunicación a tu disposición, te responderemos a la brevedad.</p>
<p>[/vc_column_text][/vc_column][/vc_row]</p>

<p>[vc_row][vc_column][vc_column_text] Colocamos distintos medios de comunicación a tu disposición, te responderemos a la brevedad. [/vc_column_text][/vc_column][/vc_row]</p>

<!-- This site is optimized with the Yoast SEO plugin v19.1 - https://yoast.com/wordpress/plugins/seo/ -->
<title>Contacto - Renta de equipo para cine, televisión y comerciales</title>
<meta name="robots" content="index, follow, max-snippet:-1, max-image-preview:large, max-video-preview:-1" />
<link rel="canonical" href="https://almarental.media/renta-equipo-cine-television-comerciales/contacto/" />
<meta property="og:locale" content="es_ES" />
<meta property="og:type" content="article" />
<meta property="og:title" content="Contacto - Renta de equipo para cine, televisión y comerciales" />
<meta property="og:description" content="[vc_row][vc_column][vc_column_text] Colocamos distintos medios de comunicación a tu disposición, te responderemos a la brevedad. [/vc_column_text][/vc_column][/vc_row]" />
<meta property="og:url" content="https://almarental.media/renta-equipo-cine-television-comerciales/contacto/" />
<meta property="og:site_name" content="Renta de equipo para cine, televisión y comerciales" />
<meta property="article:modified_time" content="2022-06-23T13:07:53+00:00" />
<meta name="twitter:card" content="summary_large_image" />
<meta name="twitter:label1" content="Tiempo de lectura" />
	<meta name="twitter:data1" content="1 minuto" />
<script type="application/ld+json" class="yoast-schema-graph">{"@context":"https://schema.org","@graph":[{"@type":"WebSite","@id":"https://almarental.media/renta-equipo-cine-television-comerciales/#website","url":"https://almarental.media/renta-equipo-cine-television-comerciales/","name":"Renta de equipo para cine, televisión y comerciales","description":"Casa de renta de equipo profesional para proyectos audiovisuales, DIT (digital image technician), Data y video en México.","potentialAction":[{"@type":"SearchAction","target":{"@type":"EntryPoint","urlTemplate":"https://almarental.media/renta-equipo-cine-television-comerciales/?s={search_term_string}"},"query-input":"required name=search_term_string"}],"inLanguage":"es"},{"@type":"WebPage","@id":"https://almarental.media/renta-equipo-cine-television-comerciales/contacto/#webpage","url":"https://almarental.media/renta-equipo-cine-television-comerciales/contacto/","name":"Contacto - Renta de equipo para cine, televisión y comerciales","isPartOf":{"@id":"https://almarental.media/renta-equipo-cine-television-comerciales/#website"},"datePublished":"2022-06-23T13:00:41+00:00","dateModified":"2022-06-23T13:07:53+00:00","breadcrumb":{"@id":"https://almarental.media/renta-equipo-cine-television-comerciales/contacto/#breadcrumb"},"inLanguage":"es","potentialAction":[{"@type":"ReadAction","target":["https://almarental.media/renta-equipo-cine-television-comerciales/contacto/"]}]},{"@type":"BreadcrumbList","@id":"https://almarental.media/renta-equipo-cine-television-comerciales/contacto/#breadcrumb","itemListElement":[{"@type":"ListItem","position":1,"name":"Portada","item":"https://almarental.media/renta-equipo-cine-television-comerciales/"},{"@type":"ListItem","position":2,"name":"Estamos a tu alcance"}]}]}</script>
<!-- / Yoast SEO plugin. -->

Contacto - Renta de equipo para cine, televisión y comerciales

[vc_row][vc_column][vc_column_text] Colocamos distintos medios de comunicación a tu disposición, te responderemos a la brevedad. [/vc_column_text][/vc_column][/vc_row]

Renta de equipo para cine, televisión y comerciales

Casa de renta de equipo profesional para proyectos audiovisuales, DIT (digital image technician), Data y video en México.
